NOAA-Style Climate Reports
Select a Year or Month report
2024: Jan Feb Mar Apr May Jun Jul Aug Sep Oct Nov Dec
2023: Jan Feb Mar Apr May Jun Jul Aug Sep Oct Nov Dec
2022: Jan Feb Mar Apr May Jun Jul Aug Sep Oct Nov Dec
2021: Jan Feb Mar Apr May Jun Jul Aug Sep Oct Nov Dec
2020: Jan Feb Mar Apr May Jun Jul Aug Sep Oct Nov Dec
2019: Jan Feb Mar Apr May Jun Jul Aug Sep Oct Nov Dec
2018: Jan Feb Mar Apr May Jun Jul Aug Sep Oct Nov Dec
2017: Jan Feb Mar Apr May Jun Jul Aug Sep Oct Nov Dec
2016: Jan Feb Mar Apr May Jun Jul Aug Sep Oct Nov Dec
2015: Jan Feb Mar Apr May Jun Jul Aug Sep Oct Nov Dec
2014: Jan Feb Mar Apr May Jun Jul Aug Sep Oct Nov Dec
2013: Jan Feb Mar Apr May Jun Jul Aug Sep Oct Nov Dec
2012: Jan Feb Mar Apr May Jun Jul Aug Sep Oct Nov Dec
2011: Jan Feb Mar Apr May Jun Jul Aug Sep Oct Nov Dec
2010: Jan Feb Mar Apr May Jun Jul Aug Sep Oct Nov Dec
2009: Jan Feb Mar Apr May Jun Jul Aug Sep Oct Nov Dec
2008: Jan Feb Mar Apr May Jun Jul Aug Sep Oct Nov Dec
2024: Jan Feb Mar Apr May Jun Jul Aug Sep Oct Nov Dec
2023: Jan Feb Mar Apr May Jun Jul Aug Sep Oct Nov Dec
2022: Jan Feb Mar Apr May Jun Jul Aug Sep Oct Nov Dec
2021: Jan Feb Mar Apr May Jun Jul Aug Sep Oct Nov Dec
2020: Jan Feb Mar Apr May Jun Jul Aug Sep Oct Nov Dec
2019: Jan Feb Mar Apr May Jun Jul Aug Sep Oct Nov Dec
2018: Jan Feb Mar Apr May Jun Jul Aug Sep Oct Nov Dec
2017: Jan Feb Mar Apr May Jun Jul Aug Sep Oct Nov Dec
2016: Jan Feb Mar Apr May Jun Jul Aug Sep Oct Nov Dec
2015: Jan Feb Mar Apr May Jun Jul Aug Sep Oct Nov Dec
2014: Jan Feb Mar Apr May Jun Jul Aug Sep Oct Nov Dec
2013: Jan Feb Mar Apr May Jun Jul Aug Sep Oct Nov Dec
2012: Jan Feb Mar Apr May Jun Jul Aug Sep Oct Nov Dec
2011: Jan Feb Mar Apr May Jun Jul Aug Sep Oct Nov Dec
2010: Jan Feb Mar Apr May Jun Jul Aug Sep Oct Nov Dec
2009: Jan Feb Mar Apr May Jun Jul Aug Sep Oct Nov Dec
2008: Jan Feb Mar Apr May Jun Jul Aug Sep Oct Nov Dec
Report for 2020 August
Monthly Climatological Summary for Aug 2020 Name: Garrymore Weather City: Geashill State: Offaly Elevation: 80 m Lat: N 53° 10' 05" Lon: W 007° 21' 37" Temperature (°C), Rain (mm), Wind Speed (km/h) Heat Cool Avg Mean Deg Deg Wind Dom Day Temp High Time Low Time Days Days Rain Speed High Time Dir ---------------------------------------------------------------------------------- 01 14.3 19.2 14:11 11.0 05:37 4.1 0.0 1.2 3.1 22.0 11:27 WSW 02 13.7 18.0 17:43 9.9 23:16 4.6 0.0 0.9 3.3 27.0 18:29 WNW 03 13.9 19.3 14:33 9.4 05:08 4.4 0.0 0.0 2.9 18.3 18:39 WNW 04 16.2 23.0 14:40 11.1 02:02 2.9 0.8 16.5 7.4 45.4 14:45 S 05 16.9 20.3 18:31 14.0 23:48 1.6 0.1 5.7 1.4 19.4 17:29 W 06 15.6 20.5 13:43 10.2 06:00 2.8 0.1 0.0 6.1 39.3 13:55 S 07 17.4 22.3 18:38 11.8 23:58 1.8 0.8 2.1 3.6 30.6 12:42 W 08 16.5 25.3 15:20 8.0 06:00 3.9 2.0 0.0 1.7 15.9 17:59 NNE 09 13.8 22.0 18:22 6.9 05:48 4.7 0.2 0.0 1.9 15.9 18:23 N 10 15.7 17.4 15:35 12.8 23:57 2.6 0.0 0.6 0.6 8.7 09:00 NNE 11 16.2 24.0 18:44 11.7 01:50 2.9 0.9 0.0 1.2 11.1 14:46 NNW 12 18.1 27.1 14:59 10.7 02:17 2.7 2.5 0.0 19.8 91.9 01:31 SW 13 18.6 24.1 13:21 15.0 06:34 1.2 1.5 0.0 2.3 22.0 13:32 NE 14 17.4 21.0 17:44 15.0 02:04 1.3 0.4 0.0 1.6 91.9 13:35 NE 15 18.1 26.8 18:21 12.7 05:47 2.1 1.9 0.3 1.2 18.3 16:52 NE 16 16.3 19.4 11:53 14.5 00:54 2.1 0.1 0.0 1.0 18.3 10:52 ENE 17 15.8 17.6 14:54 15.0 23:41 2.5 0.0 2.4 16.6 91.9 03:12 NNW 18 17.2 23.8 16:10 13.9 07:34 1.9 0.8 10.8 11.8 91.9 08:31 SW 19 15.6 18.2 16:57 11.8 05:18 2.7 0.0 8.7 9.6 91.9 00:00 SSE 20 15.5 19.5 15:27 11.6 02:55 2.9 0.1 255.0 18.8 61.3 14:54 S 21 15.3 18.8 17:02 13.0 03:53 3.0 0.0 4.2 12.1 48.0 12:06 S 22 14.4 18.0 15:44 12.3 04:26 3.9 0.0 3.9 9.0 34.3 13:27 SSW 23 14.7 17.9 15:21 12.4 07:30 3.6 0.0 0.6 7.9 91.9 23:31 WSW 24 14.7 19.5 13:10 10.8 06:50 3.7 0.1 3.3 18.9 91.9 00:00 S 25 13.8 16.6 12:07 11.6 23:34 4.5 0.0 453.6 1.3 17.2 00:11 W 26 14.7 19.7 14:23 11.4 23:51 3.7 0.1 0.3 3.9 91.9 10:20 WSW 27 12.4 17.3 13:41 10.3 23:51 5.9 0.0 22.2 1.9 91.9 14:33 NE 28 11.8 14.7 13:19 8.5 23:54 6.5 0.0 2.4 7.7 91.9 11:59 NNE 29 10.4 14.2 16:03 7.4 02:16 7.9 0.0 0.0 8.2 86.1 10:21 N 30 11.4 19.3 19:11 4.4 06:19 7.0 0.0 0.0 2.8 15.9 11:33 N 31 11.3 17.5 12:58 4.1 07:11 7.0 0.0 0.0 7.0 34.3 17:49 S ---------------------------------------------------------------------------------- 15.1 27.1 12 4.1 31 112.4 12.4 794.7 6.3 91.9 12 SSW Max >= 27.0 1 Max <= 0.0 0 Min <= 0.0 0 Min <= -18.0 0 Max Rain: 453.6 on day 25 Days of Rain: 19 (>= 0.2 mm) 13 (>= 2.0 mm) 3 (>= 20.0 mm) Heat Base: 18.3 Cool Base: 18.3 Method: Integration