NOAA-Style Climate Reports
Select a Year or Month report
2024: Jan Feb Mar Apr May Jun Jul Aug Sep Oct Nov Dec
2023: Jan Feb Mar Apr May Jun Jul Aug Sep Oct Nov Dec
2022: Jan Feb Mar Apr May Jun Jul Aug Sep Oct Nov Dec
2021: Jan Feb Mar Apr May Jun Jul Aug Sep Oct Nov Dec
2020: Jan Feb Mar Apr May Jun Jul Aug Sep Oct Nov Dec
2019: Jan Feb Mar Apr May Jun Jul Aug Sep Oct Nov Dec
2018: Jan Feb Mar Apr May Jun Jul Aug Sep Oct Nov Dec
2017: Jan Feb Mar Apr May Jun Jul Aug Sep Oct Nov Dec
2016: Jan Feb Mar Apr May Jun Jul Aug Sep Oct Nov Dec
2015: Jan Feb Mar Apr May Jun Jul Aug Sep Oct Nov Dec
2014: Jan Feb Mar Apr May Jun Jul Aug Sep Oct Nov Dec
2013: Jan Feb Mar Apr May Jun Jul Aug Sep Oct Nov Dec
2012: Jan Feb Mar Apr May Jun Jul Aug Sep Oct Nov Dec
2011: Jan Feb Mar Apr May Jun Jul Aug Sep Oct Nov Dec
2010: Jan Feb Mar Apr May Jun Jul Aug Sep Oct Nov Dec
2009: Jan Feb Mar Apr May Jun Jul Aug Sep Oct Nov Dec
2008: Jan Feb Mar Apr May Jun Jul Aug Sep Oct Nov Dec
2024: Jan Feb Mar Apr May Jun Jul Aug Sep Oct Nov Dec
2023: Jan Feb Mar Apr May Jun Jul Aug Sep Oct Nov Dec
2022: Jan Feb Mar Apr May Jun Jul Aug Sep Oct Nov Dec
2021: Jan Feb Mar Apr May Jun Jul Aug Sep Oct Nov Dec
2020: Jan Feb Mar Apr May Jun Jul Aug Sep Oct Nov Dec
2019: Jan Feb Mar Apr May Jun Jul Aug Sep Oct Nov Dec
2018: Jan Feb Mar Apr May Jun Jul Aug Sep Oct Nov Dec
2017: Jan Feb Mar Apr May Jun Jul Aug Sep Oct Nov Dec
2016: Jan Feb Mar Apr May Jun Jul Aug Sep Oct Nov Dec
2015: Jan Feb Mar Apr May Jun Jul Aug Sep Oct Nov Dec
2014: Jan Feb Mar Apr May Jun Jul Aug Sep Oct Nov Dec
2013: Jan Feb Mar Apr May Jun Jul Aug Sep Oct Nov Dec
2012: Jan Feb Mar Apr May Jun Jul Aug Sep Oct Nov Dec
2011: Jan Feb Mar Apr May Jun Jul Aug Sep Oct Nov Dec
2010: Jan Feb Mar Apr May Jun Jul Aug Sep Oct Nov Dec
2009: Jan Feb Mar Apr May Jun Jul Aug Sep Oct Nov Dec
2008: Jan Feb Mar Apr May Jun Jul Aug Sep Oct Nov Dec
Report for 2020 December
Monthly Climatological Summary for Dec 2020 Name: Garrymore Weather City: Geashill State: Offaly Elevation: 80 m Lat: N 53° 10' 05" Lon: W 007° 21' 37" Temperature (°C), Rain (mm), Wind Speed (km/h) Heat Cool Avg Mean Deg Deg Wind Dom Day Temp High Time Low Time Days Days Rain Speed High Time Dir ---------------------------------------------------------------------------------- 01 7.4 9.7 12:36 5.2 04:53 10.9 0.0 0.0 0.0 1.1 00:00 E 02 5.8 8.2 00:59 3.1 08:37 12.5 0.0 0.0 4.8 91.9 09:12 SSW 03 2.0 4.2 00:00 -1.1 19:33 16.4 0.0 0.6 34.8 91.9 02:38 NW 04 2.1 6.4 22:13 -1.4 03:01 16.2 0.0 137.4 7.2 51.5 12:46 NNW 05 4.5 7.0 12:46 1.0 19:11 13.8 0.0 0.3 14.8 91.9 17:39 NW 06 0.0 2.2 01:11 -1.7 23:57 18.3 0.0 0.0 30.4 91.9 09:06 E 07 -1.2 0.0 14:38 -2.9 04:07 19.5 0.0 0.3 13.7 91.9 15:12 W 08 2.7 6.1 14:17 -0.6 00:00 15.6 0.0 0.3 6.6 91.9 00:12 WNW 09 3.9 6.8 22:23 -0.7 03:17 14.4 0.0 11.7 25.1 91.9 16:32 SSE 10 6.5 8.2 21:57 4.6 08:19 11.8 0.0 9.0 11.4 91.9 00:00 WNW 11 6.8 10.3 18:39 4.6 22:56 11.5 0.0 4.5 0.3 20.9 23:59 WNW 12 4.2 8.4 13:43 2.2 08:35 14.1 0.0 0.0 5.8 28.2 23:50 WSW 13 8.5 11.4 13:50 5.2 00:21 9.8 0.0 25.5 20.5 91.9 01:27 SSE 14 6.5 10.2 18:39 4.0 22:28 11.8 0.0 1.5 15.5 91.9 00:58 SSE 15 4.8 9.4 14:50 1.8 07:43 13.5 0.0 0.6 29.9 91.9 00:33 ESE 16 7.0 9.5 03:39 3.5 23:18 11.3 0.0 94.8 19.3 91.9 21:03 SSE 17 6.6 10.5 22:44 1.9 05:42 11.7 0.0 11.7 16.1 91.9 00:00 SE 18 8.9 11.4 11:11 5.8 22:40 9.4 0.0 6.3 3.3 31.7 14:06 SSE 19 5.8 7.8 00:11 3.6 23:52 12.5 0.0 4.8 12.0 50.0 08:03 SSE 20 4.3 7.1 14:00 3.0 23:53 14.0 0.0 0.0 14.0 91.9 05:13 SSE 21 4.9 8.3 14:27 1.3 23:58 13.4 0.0 1.2 8.8 91.9 05:28 NE 22 1.4 6.2 12:40 -1.8 08:52 16.9 0.0 0.0 9.1 91.9 01:51 SSW 23 3.6 5.4 13:42 1.9 23:28 14.7 0.0 2.1 18.3 52.6 13:37 N 24 1.7 4.9 13:18 -0.4 23:10 16.6 0.0 0.0 7.9 24.4 14:23 NW 25 3.4 7.6 23:35 -1.0 01:13 14.9 0.0 0.0 5.7 27.0 19:41 SW 26 6.6 8.2 15:29 5.0 23:58 11.7 0.0 392.1 16.4 64.8 18:49 SSW 27 2.3 5.0 00:00 0.4 17:29 16.0 0.0 25.2 10.3 52.6 22:52 WSW 28 3.3 4.5 12:59 2.2 18:58 15.0 0.0 18.3 18.5 48.0 04:23 NW 29 2.5 4.9 12:31 -0.2 22:38 15.8 0.0 9.0 12.9 40.4 00:59 NW 30 -0.4 1.6 13:14 -2.1 22:49 18.7 0.0 0.0 3.5 15.9 12:15 WNW 31 0.7 3.7 19:33 -2.0 00:48 17.6 0.0 6.3 10.2 30.6 18:04 NW ---------------------------------------------------------------------------------- 4.1 11.4 13 -2.9 7 440.3 0.0 763.5 13.1 91.9 2 SSW Max >= 27.0 0 Max <= 0.0 1 Min <= 0.0 12 Min <= -18.0 0 Max Rain: 392.1 on day 26 Days of Rain: 22 (>= 0.2 mm) 15 (>= 2.0 mm) 5 (>= 20.0 mm) Heat Base: 18.3 Cool Base: 18.3 Method: Integration