NOAA-Style Climate Reports
Select a Year or Month report
2024: Jan Feb Mar Apr May Jun Jul Aug Sep Oct Nov Dec
2023: Jan Feb Mar Apr May Jun Jul Aug Sep Oct Nov Dec
2022: Jan Feb Mar Apr May Jun Jul Aug Sep Oct Nov Dec
2021: Jan Feb Mar Apr May Jun Jul Aug Sep Oct Nov Dec
2020: Jan Feb Mar Apr May Jun Jul Aug Sep Oct Nov Dec
2019: Jan Feb Mar Apr May Jun Jul Aug Sep Oct Nov Dec
2018: Jan Feb Mar Apr May Jun Jul Aug Sep Oct Nov Dec
2017: Jan Feb Mar Apr May Jun Jul Aug Sep Oct Nov Dec
2016: Jan Feb Mar Apr May Jun Jul Aug Sep Oct Nov Dec
2015: Jan Feb Mar Apr May Jun Jul Aug Sep Oct Nov Dec
2014: Jan Feb Mar Apr May Jun Jul Aug Sep Oct Nov Dec
2013: Jan Feb Mar Apr May Jun Jul Aug Sep Oct Nov Dec
2012: Jan Feb Mar Apr May Jun Jul Aug Sep Oct Nov Dec
2011: Jan Feb Mar Apr May Jun Jul Aug Sep Oct Nov Dec
2010: Jan Feb Mar Apr May Jun Jul Aug Sep Oct Nov Dec
2009: Jan Feb Mar Apr May Jun Jul Aug Sep Oct Nov Dec
2008: Jan Feb Mar Apr May Jun Jul Aug Sep Oct Nov Dec
2024: Jan Feb Mar Apr May Jun Jul Aug Sep Oct Nov Dec
2023: Jan Feb Mar Apr May Jun Jul Aug Sep Oct Nov Dec
2022: Jan Feb Mar Apr May Jun Jul Aug Sep Oct Nov Dec
2021: Jan Feb Mar Apr May Jun Jul Aug Sep Oct Nov Dec
2020: Jan Feb Mar Apr May Jun Jul Aug Sep Oct Nov Dec
2019: Jan Feb Mar Apr May Jun Jul Aug Sep Oct Nov Dec
2018: Jan Feb Mar Apr May Jun Jul Aug Sep Oct Nov Dec
2017: Jan Feb Mar Apr May Jun Jul Aug Sep Oct Nov Dec
2016: Jan Feb Mar Apr May Jun Jul Aug Sep Oct Nov Dec
2015: Jan Feb Mar Apr May Jun Jul Aug Sep Oct Nov Dec
2014: Jan Feb Mar Apr May Jun Jul Aug Sep Oct Nov Dec
2013: Jan Feb Mar Apr May Jun Jul Aug Sep Oct Nov Dec
2012: Jan Feb Mar Apr May Jun Jul Aug Sep Oct Nov Dec
2011: Jan Feb Mar Apr May Jun Jul Aug Sep Oct Nov Dec
2010: Jan Feb Mar Apr May Jun Jul Aug Sep Oct Nov Dec
2009: Jan Feb Mar Apr May Jun Jul Aug Sep Oct Nov Dec
2008: Jan Feb Mar Apr May Jun Jul Aug Sep Oct Nov Dec
Report for 2021 February
Monthly Climatological Summary for Feb 2021 Name: Garrymore Weather City: Geashill State: Offaly Elevation: 80 m Lat: N 53° 10' 05" Lon: W 007° 21' 37" Temperature (°C), Rain (mm), Wind Speed (km/h) Heat Cool Avg Mean Deg Deg Wind Dom Day Temp High Time Low Time Days Days Rain Speed High Time Dir ---------------------------------------------------------------------------------- 01 4.1 5.5 16:05 2.3 05:31 14.2 0.0 1.8 42.5 91.9 00:00 ESE 02 7.5 10.1 15:01 5.3 00:00 10.8 0.0 4.5 59.8 91.9 00:00 SSE 03 6.5 7.5 00:00 5.4 09:23 11.8 0.0 3.6 48.8 91.9 00:26 SW 04 6.6 9.5 13:24 4.4 23:59 11.7 0.0 3.6 27.4 91.9 05:39 S 05 3.8 5.3 14:37 1.9 22:17 14.5 0.0 2.7 29.7 91.9 01:13 NW 06 4.2 5.8 15:54 3.0 02:08 14.1 0.0 1.5 58.9 91.9 00:00 N 07 2.6 3.8 13:32 1.1 23:11 15.7 0.0 0.3 17.8 91.9 00:00 ENE 08 0.9 3.0 12:30 -0.8 23:13 17.4 0.0 1.2 18.6 91.9 17:29 ENE 09 0.5 4.4 13:09 -1.6 00:46 17.8 0.0 1.2 9.7 91.9 17:42 E 10 -0.3 4.3 13:01 -2.9 20:57 18.6 0.0 0.0 4.9 91.9 12:24 E 11 0.0 1.8 12:24 -2.2 01:10 18.3 0.0 35.4 13.8 46.5 11:38 SE 12 1.6 3.6 14:34 -0.2 23:57 16.7 0.0 19.2 15.1 49.1 20:18 SE 13 2.3 5.6 23:52 -1.7 01:54 16.0 0.0 74.7 21.0 62.4 11:13 SSE 14 9.0 12.3 14:32 5.6 00:00 9.3 0.0 91.8 20.5 70.0 10:13 SSE 15 8.7 12.0 14:23 5.6 02:18 9.6 0.0 5.1 12.7 91.9 08:01 SSE 16 8.1 11.4 14:11 5.0 19:45 10.2 0.0 1.5 13.0 49.1 00:55 SSE 17 6.7 9.5 13:08 2.0 07:59 11.6 0.0 12.6 16.1 91.9 23:38 SSE 18 4.4 9.5 14:41 0.4 06:50 13.9 0.0 9.3 21.8 91.9 00:00 SSW 19 8.6 10.9 16:03 5.6 01:59 9.7 0.0 66.0 12.5 91.9 06:22 SSE 20 8.4 11.3 14:54 5.8 22:10 9.9 0.0 57.0 19.8 91.9 16:56 SSE 21 8.1 11.4 13:15 3.2 06:59 10.2 0.0 0.0 34.0 91.9 17:32 ESE 22 6.8 11.2 13:50 2.4 07:43 11.5 0.0 29.4 20.7 91.9 00:00 SE 23 9.8 11.4 11:20 7.8 00:18 8.5 0.0 318.6 19.0 77.0 07:02 SSE 24 8.2 9.5 00:11 4.6 23:55 10.1 0.0 6.6 19.4 91.9 02:17 SSE 25 5.0 10.1 13:43 0.8 23:47 13.3 0.0 3.0 5.7 35.7 13:50 S 26 5.3 11.3 14:12 0.3 07:13 13.0 0.0 0.0 8.0 30.6 14:15 SE 27 7.0 10.8 11:40 3.2 05:10 11.3 0.0 0.0 5.3 22.0 01:27 SE 28 6.2 12.8 16:25 -0.7 23:56 12.1 0.0 0.0 2.8 19.4 14:27 E ---------------------------------------------------------------------------------- 5.4 12.8 28 -2.9 10 361.8 0.0 750.6 21.4 91.9 1 SSE Max >= 27.0 0 Max <= 0.0 0 Min <= 0.0 7 Min <= -18.0 0 Max Rain: 318.6 on day 23 Days of Rain: 23 (>= 0.2 mm) 17 (>= 2.0 mm) 7 (>= 20.0 mm) Heat Base: 18.3 Cool Base: 18.3 Method: Integration