NOAA-Style Climate Reports
Select a Year or Month report
2024: Jan Feb Mar Apr May Jun Jul Aug Sep Oct Nov Dec
2023: Jan Feb Mar Apr May Jun Jul Aug Sep Oct Nov Dec
2022: Jan Feb Mar Apr May Jun Jul Aug Sep Oct Nov Dec
2021: Jan Feb Mar Apr May Jun Jul Aug Sep Oct Nov Dec
2020: Jan Feb Mar Apr May Jun Jul Aug Sep Oct Nov Dec
2019: Jan Feb Mar Apr May Jun Jul Aug Sep Oct Nov Dec
2018: Jan Feb Mar Apr May Jun Jul Aug Sep Oct Nov Dec
2017: Jan Feb Mar Apr May Jun Jul Aug Sep Oct Nov Dec
2016: Jan Feb Mar Apr May Jun Jul Aug Sep Oct Nov Dec
2015: Jan Feb Mar Apr May Jun Jul Aug Sep Oct Nov Dec
2014: Jan Feb Mar Apr May Jun Jul Aug Sep Oct Nov Dec
2013: Jan Feb Mar Apr May Jun Jul Aug Sep Oct Nov Dec
2012: Jan Feb Mar Apr May Jun Jul Aug Sep Oct Nov Dec
2011: Jan Feb Mar Apr May Jun Jul Aug Sep Oct Nov Dec
2010: Jan Feb Mar Apr May Jun Jul Aug Sep Oct Nov Dec
2009: Jan Feb Mar Apr May Jun Jul Aug Sep Oct Nov Dec
2008: Jan Feb Mar Apr May Jun Jul Aug Sep Oct Nov Dec
2024: Jan Feb Mar Apr May Jun Jul Aug Sep Oct Nov Dec
2023: Jan Feb Mar Apr May Jun Jul Aug Sep Oct Nov Dec
2022: Jan Feb Mar Apr May Jun Jul Aug Sep Oct Nov Dec
2021: Jan Feb Mar Apr May Jun Jul Aug Sep Oct Nov Dec
2020: Jan Feb Mar Apr May Jun Jul Aug Sep Oct Nov Dec
2019: Jan Feb Mar Apr May Jun Jul Aug Sep Oct Nov Dec
2018: Jan Feb Mar Apr May Jun Jul Aug Sep Oct Nov Dec
2017: Jan Feb Mar Apr May Jun Jul Aug Sep Oct Nov Dec
2016: Jan Feb Mar Apr May Jun Jul Aug Sep Oct Nov Dec
2015: Jan Feb Mar Apr May Jun Jul Aug Sep Oct Nov Dec
2014: Jan Feb Mar Apr May Jun Jul Aug Sep Oct Nov Dec
2013: Jan Feb Mar Apr May Jun Jul Aug Sep Oct Nov Dec
2012: Jan Feb Mar Apr May Jun Jul Aug Sep Oct Nov Dec
2011: Jan Feb Mar Apr May Jun Jul Aug Sep Oct Nov Dec
2010: Jan Feb Mar Apr May Jun Jul Aug Sep Oct Nov Dec
2009: Jan Feb Mar Apr May Jun Jul Aug Sep Oct Nov Dec
2008: Jan Feb Mar Apr May Jun Jul Aug Sep Oct Nov Dec
Report for 2021 May
Monthly Climatological Summary for May 2021 Name: Garrymore Weather City: Geashill State: Offaly Elevation: 80 m Lat: N 53° 10' 05" Lon: W 007° 21' 37" Temperature (°C), Rain (mm), Wind Speed (km/h) Heat Cool Avg Mean Deg Deg Wind Dom Day Temp High Time Low Time Days Days Rain Speed High Time Dir ---------------------------------------------------------------------------------- 01 7.0 16.6 16:08 -2.0 06:11 11.3 0.0 0.0 1.8 18.3 18:43 NW 02 7.1 13.1 16:14 0.5 04:39 11.2 0.0 3.3 3.4 20.9 13:43 NW 03 7.8 11.8 15:04 5.4 04:28 10.5 0.0 212.1 15.9 58.7 22:58 SW 04 6.3 9.8 14:08 4.1 23:57 12.0 0.0 15.0 18.3 54.8 04:15 NW 05 5.4 10.5 18:35 1.3 05:56 12.9 0.0 2.7 8.0 34.3 16:45 NW 06 4.8 11.8 15:53 -2.5 05:25 13.5 0.0 0.3 6.2 29.6 18:03 NNW 07 6.8 14.2 14:36 -1.8 05:04 11.5 0.0 0.0 5.1 81.9 00:45 ESE 08 10.4 17.2 14:42 4.7 02:33 7.9 0.0 16.8 9.3 40.4 18:30 SSE 09 10.8 13.4 12:14 8.5 00:00 7.5 0.0 3.6 16.5 54.1 15:01 SSE 10 9.6 13.7 13:09 6.5 23:56 8.7 0.0 4.2 9.7 33.2 09:00 SSE 11 6.9 11.0 20:06 3.9 23:59 1.5 0.0 0.0 9.5 5.4 20:07 ENE 12 7.8 12.8 10:14 1.8 04:59 10.5 0.0 0.5 3.4 14.8 18:21 ENE 13 9.4 18.5 16:17 2.9 01:46 8.9 0.0 0.0 5.7 14.8 18:50 NW 14 10.3 16.7 16:02 3.9 05:59 8.0 0.0 0.2 6.0 14.8 13:19 ENE 15 9.8 16.2 12:57 6.6 04:03 8.5 0.0 15.5 2.8 14.8 01:54 NE 16 10.5 18.4 15:44 5.0 06:11 7.8 0.0 3.1 3.5 13.0 16:38 NNW 17 9.8 16.2 15:24 4.4 23:49 8.4 0.0 2.0 5.6 13.0 08:37 NW 18 9.6 16.9 16:00 1.7 03:10 8.7 0.0 1.2 4.6 29.6 19:04 WNW 19 10.2 17.7 15:54 2.2 03:10 9.9 0.0 1.5 4.1 16.6 18:59 NNW 20 10.2 13.4 16:00 7.8 05:34 8.0 0.0 22.9 13.7 29.5 07:59 E 21 9.5 12.0 15:15 8.2 05:50 8.8 0.0 10.9 5.2 23.8 06:02 NW 22 8.2 14.6 15:51 2.4 05:35 10.1 0.0 0.0 7.5 16.6 09:28 NW 23 7.4 13.8 14:16 3.7 23:00 10.9 0.0 15.5 7.8 20.2 06:41 NNE 24 9.1 15.1 15:14 4.6 04:48 9.2 0.0 1.5 9.8 27.7 13:02 NW 25 10.9 16.4 15:46 6.6 23:57 7.4 0.0 1.0 7.2 16.6 14:50 NW 26 11.3 20.0 17:06 3.3 03:21 7.0 0.1 0.0 4.0 11.2 07:32 NW 27 10.5 15.8 10:52 4.4 05:24 7.8 0.0 7.7 7.3 16.6 10:29 NNE 28 11.9 14.4 11:36 10.0 08:00 6.4 0.0 4.8 3.4 14.8 18:37 NNE 29 14.4 20.7 18:52 9.3 04:46 4.1 0.1 0.0 4.6 11.2 02:35 N 30 15.6 22.7 17:22 7.5 05:02 3.8 1.1 0.0 3.9 14.8 10:56 NNE 31 14.5 21.4 12:48 6.1 05:08 4.3 0.6 0.0 6.6 22.0 14:58 NE ---------------------------------------------------------------------------------- 9.5 22.7 30 -2.5 6 267.0 1.9 346.3 7.2 81.9 7 NNW Max >= 27.0 0 Max <= 0.0 0 Min <= 0.0 3 Min <= -18.0 0 Max Rain: 212.1 on day 3 Days of Rain: 22 (>= 0.2 mm) 15 (>= 2.0 mm) 2 (>= 20.0 mm) Heat Base: 18.3 Cool Base: 18.3 Method: Integration