NOAA-Style Climate Reports
Select a Year or Month report
2024: Jan Feb Mar Apr May Jun Jul Aug Sep Oct Nov Dec
2023: Jan Feb Mar Apr May Jun Jul Aug Sep Oct Nov Dec
2022: Jan Feb Mar Apr May Jun Jul Aug Sep Oct Nov Dec
2021: Jan Feb Mar Apr May Jun Jul Aug Sep Oct Nov Dec
2020: Jan Feb Mar Apr May Jun Jul Aug Sep Oct Nov Dec
2019: Jan Feb Mar Apr May Jun Jul Aug Sep Oct Nov Dec
2018: Jan Feb Mar Apr May Jun Jul Aug Sep Oct Nov Dec
2017: Jan Feb Mar Apr May Jun Jul Aug Sep Oct Nov Dec
2016: Jan Feb Mar Apr May Jun Jul Aug Sep Oct Nov Dec
2015: Jan Feb Mar Apr May Jun Jul Aug Sep Oct Nov Dec
2014: Jan Feb Mar Apr May Jun Jul Aug Sep Oct Nov Dec
2013: Jan Feb Mar Apr May Jun Jul Aug Sep Oct Nov Dec
2012: Jan Feb Mar Apr May Jun Jul Aug Sep Oct Nov Dec
2011: Jan Feb Mar Apr May Jun Jul Aug Sep Oct Nov Dec
2010: Jan Feb Mar Apr May Jun Jul Aug Sep Oct Nov Dec
2009: Jan Feb Mar Apr May Jun Jul Aug Sep Oct Nov Dec
2008: Jan Feb Mar Apr May Jun Jul Aug Sep Oct Nov Dec
2024: Jan Feb Mar Apr May Jun Jul Aug Sep Oct Nov Dec
2023: Jan Feb Mar Apr May Jun Jul Aug Sep Oct Nov Dec
2022: Jan Feb Mar Apr May Jun Jul Aug Sep Oct Nov Dec
2021: Jan Feb Mar Apr May Jun Jul Aug Sep Oct Nov Dec
2020: Jan Feb Mar Apr May Jun Jul Aug Sep Oct Nov Dec
2019: Jan Feb Mar Apr May Jun Jul Aug Sep Oct Nov Dec
2018: Jan Feb Mar Apr May Jun Jul Aug Sep Oct Nov Dec
2017: Jan Feb Mar Apr May Jun Jul Aug Sep Oct Nov Dec
2016: Jan Feb Mar Apr May Jun Jul Aug Sep Oct Nov Dec
2015: Jan Feb Mar Apr May Jun Jul Aug Sep Oct Nov Dec
2014: Jan Feb Mar Apr May Jun Jul Aug Sep Oct Nov Dec
2013: Jan Feb Mar Apr May Jun Jul Aug Sep Oct Nov Dec
2012: Jan Feb Mar Apr May Jun Jul Aug Sep Oct Nov Dec
2011: Jan Feb Mar Apr May Jun Jul Aug Sep Oct Nov Dec
2010: Jan Feb Mar Apr May Jun Jul Aug Sep Oct Nov Dec
2009: Jan Feb Mar Apr May Jun Jul Aug Sep Oct Nov Dec
2008: Jan Feb Mar Apr May Jun Jul Aug Sep Oct Nov Dec
Report for 2021 June
Monthly Climatological Summary for Jun 2021 Name: Garrymore Weather City: Geashill State: Offaly Elevation: 80 m Lat: N 53° 10' 02" Lon: W 007° 21' 35" Temperature (°C), Rain (mm), Wind Speed (km/h) Heat Cool Avg Mean Deg Deg Wind Dom Day Temp High Time Low Time Days Days Rain Speed High Time Dir ---------------------------------------------------------------------------------- 01 17.0 24.7 17:17 11.3 04:30 2.7 1.4 0.0 0.5 9.4 12:37 NNW 02 15.1 21.9 10:58 10.6 04:59 3.3 0.1 3.8 0.2 5.4 02:27 N 03 14.6 19.1 12:58 9.2 23:59 3.7 0.0 0.0 2.6 22.0 17:06 ENE 04 13.6 19.5 13:14 8.6 01:18 4.6 0.0 0.0 2.1 16.6 02:01 ESE 05 13.8 16.8 16:46 8.0 23:50 4.5 0.0 0.0 1.4 14.8 13:33 WNW 06 13.3 20.6 17:02 5.4 03:47 5.1 0.1 0.0 0.6 7.2 07:48 WNW 07 13.9 18.8 13:40 9.6 05:12 4.4 0.0 0.0 5.5 31.3 16:40 S 08 15.2 18.4 14:12 12.3 00:00 3.1 0.0 0.0 11.3 36.7 17:31 S 09 17.1 22.1 17:11 14.1 00:00 1.8 0.6 0.0 11.0 33.1 11:14 S 10 17.1 21.9 16:09 14.0 04:15 1.7 0.5 0.3 12.3 38.5 11:42 S 11 15.0 18.2 15:46 10.5 23:58 3.2 0.0 0.0 7.6 27.7 00:11 WSW 12 14.9 20.7 17:00 8.3 02:32 3.6 0.3 0.0 3.6 18.4 14:09 W 13 18.4 23.8 16:26 14.2 05:49 1.1 1.3 0.0 3.9 20.2 11:03 SW 14 14.0 17.4 16:33 8.8 23:57 4.3 0.0 0.2 6.8 33.1 13:50 WNW 15 13.8 21.7 14:37 5.9 03:34 4.7 0.3 0.0 10.0 42.1 17:22 S 16 14.0 17.9 16:20 10.8 05:05 4.3 0.0 3.3 4.9 27.7 01:44 WSW 17 12.3 17.4 13:04 6.3 05:31 5.8 0.0 0.0 4.7 25.6 16:55 NW 18 10.7 16.4 16:58 4.0 04:36 7.6 0.0 0.0 3.5 22.0 13:57 N 19 12.8 18.6 14:14 7.0 01:13 5.1 0.0 0.0 4.8 27.7 11:36 SSE 20 15.0 20.6 10:24 9.8 02:17 3.6 0.3 0.0 2.6 25.6 14:47 NE 21 12.9 17.2 16:37 8.9 23:36 5.4 0.0 0.0 9.5 34.9 11:50 NNE 22 10.6 16.6 13:10 3.5 05:02 7.7 0.0 0.8 4.7 20.2 16:27 NW 23 13.9 19.1 17:20 9.7 00:05 4.4 0.1 2.0 4.9 20.2 21:31 W 24 14.2 17.9 15:09 10.8 04:28 4.0 0.0 7.1 7.8 25.6 11:46 W 25 11.5 14.3 16:54 8.9 22:59 6.8 0.0 0.0 8.1 31.3 13:56 N 26 11.5 15.4 15:08 6.5 05:38 6.7 0.0 0.0 4.9 27.7 08:17 NNE 27 14.1 21.5 16:56 7.3 05:02 4.4 0.2 0.0 3.5 23.8 13:31 NNE 28 15.1 21.3 18:18 10.3 04:19 3.7 0.5 0.0 4.6 22.0 15:29 NW 29 15.3 23.5 16:07 8.2 05:06 4.0 1.0 0.0 5.6 18.4 10:16 NW 30 15.3 21.7 16:03 10.0 02:37 3.6 0.6 0.0 3.0 18.4 17:40 NNW ---------------------------------------------------------------------------------- 14.2 24.7 1 3.5 22 128.9 7.3 17.5 5.2 42.1 15 WSW Max >= 27.0 0 Max <= 0.0 0 Min <= 0.0 0 Min <= -18.0 0 Max Rain: 7.1 on day 24 Days of Rain: 7 (>= 0.2 mm) 4 (>= 2.0 mm) 0 (>= 20.0 mm) Heat Base: 18.3 Cool Base: 18.3 Method: Integration