NOAA-Style Climate Reports
Select a Year or Month report
2024: Jan Feb Mar Apr May Jun Jul Aug Sep Oct Nov Dec
2023: Jan Feb Mar Apr May Jun Jul Aug Sep Oct Nov Dec
2022: Jan Feb Mar Apr May Jun Jul Aug Sep Oct Nov Dec
2021: Jan Feb Mar Apr May Jun Jul Aug Sep Oct Nov Dec
2020: Jan Feb Mar Apr May Jun Jul Aug Sep Oct Nov Dec
2019: Jan Feb Mar Apr May Jun Jul Aug Sep Oct Nov Dec
2018: Jan Feb Mar Apr May Jun Jul Aug Sep Oct Nov Dec
2017: Jan Feb Mar Apr May Jun Jul Aug Sep Oct Nov Dec
2016: Jan Feb Mar Apr May Jun Jul Aug Sep Oct Nov Dec
2015: Jan Feb Mar Apr May Jun Jul Aug Sep Oct Nov Dec
2014: Jan Feb Mar Apr May Jun Jul Aug Sep Oct Nov Dec
2013: Jan Feb Mar Apr May Jun Jul Aug Sep Oct Nov Dec
2012: Jan Feb Mar Apr May Jun Jul Aug Sep Oct Nov Dec
2011: Jan Feb Mar Apr May Jun Jul Aug Sep Oct Nov Dec
2010: Jan Feb Mar Apr May Jun Jul Aug Sep Oct Nov Dec
2009: Jan Feb Mar Apr May Jun Jul Aug Sep Oct Nov Dec
2008: Jan Feb Mar Apr May Jun Jul Aug Sep Oct Nov Dec
2024: Jan Feb Mar Apr May Jun Jul Aug Sep Oct Nov Dec
2023: Jan Feb Mar Apr May Jun Jul Aug Sep Oct Nov Dec
2022: Jan Feb Mar Apr May Jun Jul Aug Sep Oct Nov Dec
2021: Jan Feb Mar Apr May Jun Jul Aug Sep Oct Nov Dec
2020: Jan Feb Mar Apr May Jun Jul Aug Sep Oct Nov Dec
2019: Jan Feb Mar Apr May Jun Jul Aug Sep Oct Nov Dec
2018: Jan Feb Mar Apr May Jun Jul Aug Sep Oct Nov Dec
2017: Jan Feb Mar Apr May Jun Jul Aug Sep Oct Nov Dec
2016: Jan Feb Mar Apr May Jun Jul Aug Sep Oct Nov Dec
2015: Jan Feb Mar Apr May Jun Jul Aug Sep Oct Nov Dec
2014: Jan Feb Mar Apr May Jun Jul Aug Sep Oct Nov Dec
2013: Jan Feb Mar Apr May Jun Jul Aug Sep Oct Nov Dec
2012: Jan Feb Mar Apr May Jun Jul Aug Sep Oct Nov Dec
2011: Jan Feb Mar Apr May Jun Jul Aug Sep Oct Nov Dec
2010: Jan Feb Mar Apr May Jun Jul Aug Sep Oct Nov Dec
2009: Jan Feb Mar Apr May Jun Jul Aug Sep Oct Nov Dec
2008: Jan Feb Mar Apr May Jun Jul Aug Sep Oct Nov Dec
Report for 2021 August
Monthly Climatological Summary for Aug 2021 Name: Garrymore Weather City: Geashill State: Offaly Elevation: 80 m Lat: N 53° 10' 02" Lon: W 007° 21' 35" Temperature (°C), Rain (mm), Wind Speed (km/h) Heat Cool Avg Mean Deg Deg Wind Dom Day Temp High Time Low Time Days Days Rain Speed High Time Dir ---------------------------------------------------------------------------------- 01 13.7 18.0 18:21 9.8 23:57 4.6 0.0 0.0 6.1 20.2 08:42 NNW 02 11.7 16.8 18:54 6.9 05:22 6.6 0.0 5.9 6.1 13.0 11:10 W 03 15.0 19.7 16:38 11.8 06:05 3.3 0.1 0.0 6.1 18.4 18:00 S 04 15.9 21.2 15:29 12.3 05:17 2.8 0.4 0.0 6.1 36.7 17:22 S 05 15.6 20.1 14:16 13.3 06:06 2.6 0.1 8.6 5.2 36.7 06:20 S 06 15.1 17.2 17:35 13.6 05:43 3.2 0.0 6.6 8.0 33.1 11:50 SW 07 14.5 15.7 15:36 13.9 07:31 3.8 0.0 6.9 9.6 36.7 23:28 W 08 14.9 19.6 16:08 10.9 23:29 3.5 0.0 2.8 9.0 36.7 14:10 W 09 14.1 19.1 16:23 10.0 02:52 4.2 0.0 3.3 5.5 23.8 10:50 SW 10 15.0 18.9 17:46 9.9 03:23 3.3 0.0 0.0 3.6 25.6 21:46 SSW 11 16.0 20.2 16:27 9.8 23:46 2.4 0.2 7.4 5.6 25.6 07:09 SW 12 14.2 20.0 15:46 8.8 02:10 4.2 0.1 2.5 8.7 47.9 09:50 S 13 14.4 19.5 14:30 10.6 04:26 3.9 0.0 0.0 8.2 33.1 10:22 SSW 14 13.6 15.3 12:22 11.5 06:16 4.7 0.0 4.8 2.6 16.6 13:10 S 15 15.2 18.7 13:42 12.8 23:42 3.1 0.0 0.0 5.9 33.1 18:44 NNW 16 14.1 16.7 14:24 12.5 03:52 4.2 0.0 0.0 9.7 31.3 12:39 WNW 17 14.3 18.1 15:22 12.3 23:09 4.0 0.0 0.3 10.5 34.9 13:34 WNW 18 13.9 19.2 17:35 11.0 22:19 4.4 0.0 0.0 4.7 20.2 00:14 W 19 15.9 22.1 18:19 11.7 00:00 2.9 0.5 1.3 1.5 13.0 17:51 SW 20 16.8 18.7 14:11 14.2 00:12 1.5 0.0 7.1 6.8 33.1 15:39 SSE 21 16.2 21.1 16:08 12.8 22:57 2.4 0.2 15.2 4.5 22.0 18:50 SW 22 16.5 21.6 17:24 12.4 23:43 2.3 0.6 0.0 3.7 16.6 09:46 WNW 23 16.6 24.8 16:51 10.2 07:02 3.0 1.3 0.0 0.7 14.8 15:12 N 24 16.2 25.2 16:27 8.8 06:45 3.7 1.7 0.0 0.8 16.6 15:41 SE 25 16.8 25.6 16:11 9.2 05:15 3.3 1.7 0.0 0.9 16.6 15:08 N 26 18.0 25.5 15:15 11.2 06:37 2.4 2.1 0.0 1.3 11.2 12:40 N 27 16.9 25.3 16:56 11.0 23:46 2.8 1.4 0.0 0.9 20.2 17:19 S 28 15.0 24.1 18:03 7.7 07:02 4.3 1.0 0.0 0.8 14.8 16:38 N 29 14.1 19.9 16:41 9.2 04:46 4.2 0.0 0.0 2.2 18.4 17:31 N 30 14.5 16.9 13:38 12.2 21:59 3.8 0.0 0.0 1.7 20.2 16:47 NNE 31 13.7 16.8 13:55 11.4 01:51 4.6 0.0 0.0 2.5 22.0 14:22 NNE ---------------------------------------------------------------------------------- 15.1 25.6 25 6.9 2 110.0 11.4 72.7 4.8 47.9 12 WSW Max >= 27.0 0 Max <= 0.0 0 Min <= 0.0 0 Min <= -18.0 0 Max Rain: 15.2 on day 21 Days of Rain: 13 (>= 0.2 mm) 11 (>= 2.0 mm) 0 (>= 20.0 mm) Heat Base: 18.3 Cool Base: 18.3 Method: Integration