NOAA-Style Climate Reports
Select a Year or Month report
2024: Jan Feb Mar Apr May Jun Jul Aug Sep Oct Nov Dec
2023: Jan Feb Mar Apr May Jun Jul Aug Sep Oct Nov Dec
2022: Jan Feb Mar Apr May Jun Jul Aug Sep Oct Nov Dec
2021: Jan Feb Mar Apr May Jun Jul Aug Sep Oct Nov Dec
2020: Jan Feb Mar Apr May Jun Jul Aug Sep Oct Nov Dec
2019: Jan Feb Mar Apr May Jun Jul Aug Sep Oct Nov Dec
2018: Jan Feb Mar Apr May Jun Jul Aug Sep Oct Nov Dec
2017: Jan Feb Mar Apr May Jun Jul Aug Sep Oct Nov Dec
2016: Jan Feb Mar Apr May Jun Jul Aug Sep Oct Nov Dec
2015: Jan Feb Mar Apr May Jun Jul Aug Sep Oct Nov Dec
2014: Jan Feb Mar Apr May Jun Jul Aug Sep Oct Nov Dec
2013: Jan Feb Mar Apr May Jun Jul Aug Sep Oct Nov Dec
2012: Jan Feb Mar Apr May Jun Jul Aug Sep Oct Nov Dec
2011: Jan Feb Mar Apr May Jun Jul Aug Sep Oct Nov Dec
2010: Jan Feb Mar Apr May Jun Jul Aug Sep Oct Nov Dec
2009: Jan Feb Mar Apr May Jun Jul Aug Sep Oct Nov Dec
2008: Jan Feb Mar Apr May Jun Jul Aug Sep Oct Nov Dec
2024: Jan Feb Mar Apr May Jun Jul Aug Sep Oct Nov Dec
2023: Jan Feb Mar Apr May Jun Jul Aug Sep Oct Nov Dec
2022: Jan Feb Mar Apr May Jun Jul Aug Sep Oct Nov Dec
2021: Jan Feb Mar Apr May Jun Jul Aug Sep Oct Nov Dec
2020: Jan Feb Mar Apr May Jun Jul Aug Sep Oct Nov Dec
2019: Jan Feb Mar Apr May Jun Jul Aug Sep Oct Nov Dec
2018: Jan Feb Mar Apr May Jun Jul Aug Sep Oct Nov Dec
2017: Jan Feb Mar Apr May Jun Jul Aug Sep Oct Nov Dec
2016: Jan Feb Mar Apr May Jun Jul Aug Sep Oct Nov Dec
2015: Jan Feb Mar Apr May Jun Jul Aug Sep Oct Nov Dec
2014: Jan Feb Mar Apr May Jun Jul Aug Sep Oct Nov Dec
2013: Jan Feb Mar Apr May Jun Jul Aug Sep Oct Nov Dec
2012: Jan Feb Mar Apr May Jun Jul Aug Sep Oct Nov Dec
2011: Jan Feb Mar Apr May Jun Jul Aug Sep Oct Nov Dec
2010: Jan Feb Mar Apr May Jun Jul Aug Sep Oct Nov Dec
2009: Jan Feb Mar Apr May Jun Jul Aug Sep Oct Nov Dec
2008: Jan Feb Mar Apr May Jun Jul Aug Sep Oct Nov Dec
Report for 2021 November
Monthly Climatological Summary for Nov 2021 Name: Garrymore Weather City: Geashill State: Offaly Elevation: 80 m Lat: N 53° 10' 02" Lon: W 007° 21' 35" Temperature (°C), Rain (mm), Wind Speed (km/h) Heat Cool Avg Mean Deg Deg Wind Dom Day Temp High Time Low Time Days Days Rain Speed High Time Dir ---------------------------------------------------------------------------------- 01 7.6 11.5 14:39 5.4 22:04 10.7 0.0 0.0 8.4 33.1 01:49 W 02 5.4 11.1 14:00 0.7 06:07 12.8 0.0 0.0 4.7 22.0 10:51 WNW 03 5.5 10.0 13:04 2.7 23:42 12.8 0.0 0.3 7.6 27.7 12:22 NW 04 5.1 9.4 12:55 0.9 06:41 13.2 0.0 0.2 7.6 23.8 13:08 WNW 05 9.1 11.4 12:54 6.6 06:57 9.2 0.0 0.0 4.5 23.8 12:34 W 06 10.0 14.3 13:01 7.5 23:33 8.3 0.0 0.0 10.4 49.7 14:59 SW 07 8.3 12.2 14:58 6.3 22:12 10.0 0.0 0.0 5.3 22.0 10:46 W 08 12.4 16.6 14:41 8.2 00:00 5.9 0.0 6.9 9.9 31.3 12:39 S 09 11.7 13.7 00:33 9.3 21:47 6.6 0.0 0.0 7.1 33.1 01:30 SSW 10 8.7 11.2 12:57 3.9 07:57 9.5 0.0 0.2 1.5 11.2 01:59 SW 11 10.5 13.0 12:05 5.8 05:05 7.8 0.0 6.1 9.5 46.1 13:57 S 12 11.1 13.1 12:45 9.6 04:52 7.2 0.0 1.1 12.2 42.1 08:02 WSW 13 10.9 12.3 13:13 9.4 07:48 7.4 0.0 0.0 4.9 27.7 01:27 SW 14 12.4 15.6 14:42 10.8 18:23 5.9 0.0 0.7 6.6 23.8 21:30 S 15 10.0 11.8 00:00 8.8 23:02 8.3 0.0 1.3 3.9 22.0 01:08 WNW 16 8.8 12.8 14:48 6.8 21:44 9.4 0.0 0.0 6.2 25.6 14:15 SSW 17 9.7 11.7 23:43 7.3 00:00 8.6 0.0 0.0 5.9 22.0 18:11 WSW 18 12.7 14.1 12:05 11.4 22:53 5.6 0.0 0.0 7.3 25.6 10:14 SW 19 10.5 12.1 13:02 9.3 20:26 7.8 0.0 0.0 5.5 20.2 15:37 SSW 20 8.7 11.9 12:01 2.4 23:59 9.6 0.0 0.8 5.9 38.5 14:03 WSW 21 3.3 7.6 13:30 0.6 22:43 15.0 0.0 0.2 7.1 31.3 12:22 NW 22 2.1 7.6 14:43 -0.4 07:34 16.2 0.0 0.3 3.2 13.0 01:52 WNW 23 3.6 5.8 12:04 0.0 00:15 14.7 0.0 0.0 1.5 13.0 17:06 WNW 24 3.5 7.2 12:31 0.1 21:18 14.7 0.0 1.7 6.1 36.7 14:41 W 25 3.3 6.7 22:49 -0.2 06:10 14.8 0.0 0.3 7.5 29.5 23:16 WNW 26 5.4 8.3 05:48 2.3 18:29 12.9 0.0 1.0 18.1 56.9 10:53 NW 27 2.5 4.8 14:27 0.3 19:18 15.8 0.0 0.0 11.6 42.1 00:27 NW 28 3.3 6.0 15:34 1.3 00:00 14.9 0.0 1.3 4.5 20.2 00:09 W 29 6.7 9.4 23:11 2.7 02:49 11.6 0.0 0.7 6.6 31.3 22:33 W 30 9.7 11.0 13:51 7.8 23:53 8.6 0.0 5.1 11.5 47.9 21:22 W ---------------------------------------------------------------------------------- 7.8 16.6 8 -0.4 22 315.8 0.0 28.2 7.1 56.9 26 W Max >= 27.0 0 Max <= 0.0 0 Min <= 0.0 3 Min <= -18.0 0 Max Rain: 6.9 on day 8 Days of Rain: 17 (>= 0.2 mm) 3 (>= 2.0 mm) 0 (>= 20.0 mm) Heat Base: 18.3 Cool Base: 18.3 Method: Integration