NOAA-Style Climate Reports
Select a Year or Month report
2024: Jan Feb Mar Apr May Jun Jul Aug Sep Oct Nov Dec
2023: Jan Feb Mar Apr May Jun Jul Aug Sep Oct Nov Dec
2022: Jan Feb Mar Apr May Jun Jul Aug Sep Oct Nov Dec
2021: Jan Feb Mar Apr May Jun Jul Aug Sep Oct Nov Dec
2020: Jan Feb Mar Apr May Jun Jul Aug Sep Oct Nov Dec
2019: Jan Feb Mar Apr May Jun Jul Aug Sep Oct Nov Dec
2018: Jan Feb Mar Apr May Jun Jul Aug Sep Oct Nov Dec
2017: Jan Feb Mar Apr May Jun Jul Aug Sep Oct Nov Dec
2016: Jan Feb Mar Apr May Jun Jul Aug Sep Oct Nov Dec
2015: Jan Feb Mar Apr May Jun Jul Aug Sep Oct Nov Dec
2014: Jan Feb Mar Apr May Jun Jul Aug Sep Oct Nov Dec
2013: Jan Feb Mar Apr May Jun Jul Aug Sep Oct Nov Dec
2012: Jan Feb Mar Apr May Jun Jul Aug Sep Oct Nov Dec
2011: Jan Feb Mar Apr May Jun Jul Aug Sep Oct Nov Dec
2010: Jan Feb Mar Apr May Jun Jul Aug Sep Oct Nov Dec
2009: Jan Feb Mar Apr May Jun Jul Aug Sep Oct Nov Dec
2008: Jan Feb Mar Apr May Jun Jul Aug Sep Oct Nov Dec
2024: Jan Feb Mar Apr May Jun Jul Aug Sep Oct Nov Dec
2023: Jan Feb Mar Apr May Jun Jul Aug Sep Oct Nov Dec
2022: Jan Feb Mar Apr May Jun Jul Aug Sep Oct Nov Dec
2021: Jan Feb Mar Apr May Jun Jul Aug Sep Oct Nov Dec
2020: Jan Feb Mar Apr May Jun Jul Aug Sep Oct Nov Dec
2019: Jan Feb Mar Apr May Jun Jul Aug Sep Oct Nov Dec
2018: Jan Feb Mar Apr May Jun Jul Aug Sep Oct Nov Dec
2017: Jan Feb Mar Apr May Jun Jul Aug Sep Oct Nov Dec
2016: Jan Feb Mar Apr May Jun Jul Aug Sep Oct Nov Dec
2015: Jan Feb Mar Apr May Jun Jul Aug Sep Oct Nov Dec
2014: Jan Feb Mar Apr May Jun Jul Aug Sep Oct Nov Dec
2013: Jan Feb Mar Apr May Jun Jul Aug Sep Oct Nov Dec
2012: Jan Feb Mar Apr May Jun Jul Aug Sep Oct Nov Dec
2011: Jan Feb Mar Apr May Jun Jul Aug Sep Oct Nov Dec
2010: Jan Feb Mar Apr May Jun Jul Aug Sep Oct Nov Dec
2009: Jan Feb Mar Apr May Jun Jul Aug Sep Oct Nov Dec
2008: Jan Feb Mar Apr May Jun Jul Aug Sep Oct Nov Dec
Report for 2021 December
Monthly Climatological Summary for Dec 2021 Name: Garrymore Weather City: Geashill State: Offaly Elevation: 80 m Lat: N 53° 10' 02" Lon: W 007° 21' 35" Temperature (°C), Rain (mm), Wind Speed (km/h) Heat Cool Avg Mean Deg Deg Wind Dom Day Temp High Time Low Time Days Days Rain Speed High Time Dir ---------------------------------------------------------------------------------- 01 5.3 8.0 00:07 1.7 22:43 13.0 0.0 0.3 15.5 43.9 14:08 WNW 02 4.5 10.4 23:44 1.3 07:13 13.8 0.0 8.9 7.2 33.1 21:48 WSW 03 7.4 10.4 00:31 5.7 23:17 10.9 0.0 1.0 5.7 49.7 22:28 W 04 3.7 6.0 13:37 1.9 21:21 14.6 0.0 1.5 13.6 42.1 13:14 WNW 05 3.1 6.6 14:37 1.4 18:33 15.2 0.0 0.0 8.5 29.5 05:05 W 06 4.4 7.7 05:45 1.1 22:54 13.9 0.0 4.1 9.0 36.7 03:28 SW 07 4.7 8.6 08:25 1.1 02:40 13.5 0.0 7.9 21.7 75.2 09:52 SSW 08 4.7 6.9 12:28 3.2 06:44 13.6 0.0 0.0 26.3 71.6 01:44 WNW 09 5.1 10.0 13:17 2.6 04:32 13.2 0.0 0.7 9.0 36.7 13:52 WSW 10 4.1 6.5 14:26 1.7 05:28 14.2 0.0 0.0 9.1 31.3 01:41 W 11 8.9 13.9 14:29 3.5 00:13 9.4 0.0 0.5 8.9 31.3 06:55 SSW 12 10.4 13.2 11:34 6.8 23:37 7.9 0.0 2.1 11.9 53.3 17:04 S 13 4.3 7.0 00:00 -0.8 21:43 14.0 0.0 0.0 2.2 14.8 00:08 SSW 14 5.0 9.7 14:45 -0.4 00:01 13.3 0.0 0.2 6.7 27.7 08:07 S 15 8.3 11.6 15:07 5.1 23:27 10.0 0.0 0.3 6.1 27.7 02:41 S 16 8.2 9.3 14:00 6.2 00:01 10.1 0.0 0.0 5.4 22.0 07:39 SSE 17 8.2 9.3 14:00 6.2 00:01 10.1 0.0 0.0 5.3 22.0 07:39 SSE 19 6.7 8.9 01:26 4.9 18:20 15.6 0.0 0.0 3.1 25.6 11:00 SE 20 5.1 5.5 06:05 4.5 01:41 12.7 0.0 0.0 3.6 22.0 21:15 ESE 21 5.8 7.1 21:31 4.8 08:24 12.5 0.0 0.0 6.5 25.6 11:45 SE 22 8.1 11.5 23:34 5.5 05:22 10.1 0.0 10.4 8.9 34.9 08:49 SSE 23 10.4 12.0 07:00 5.6 23:57 7.9 0.0 0.2 7.6 33.1 02:47 S 24 8.2 10.2 15:04 5.7 00:00 10.1 0.0 7.9 4.7 25.6 12:16 ESE 25 7.7 9.0 12:14 4.2 02:38 10.6 0.0 28.0 6.1 27.7 12:52 ESE 26 7.3 8.9 15:18 3.8 23:31 10.9 0.0 1.0 5.7 20.2 12:26 S 27 6.5 8.5 14:31 4.1 08:11 11.8 0.0 0.2 4.4 20.2 15:35 NE 28 6.3 7.0 00:00 4.9 17:35 12.0 0.0 9.2 4.8 23.8 07:14 WNW 29 10.3 13.5 08:14 6.8 00:00 8.0 0.0 5.5 11.0 51.5 08:40 SSW 30 12.4 13.3 04:27 11.4 17:47 5.9 0.0 14.8 8.0 34.9 23:13 S 31 12.8 13.4 12:30 12.0 07:39 5.5 0.0 0.2 13.0 51.5 21:15 S ---------------------------------------------------------------------------------- 6.9 13.9 11 -0.8 13 344.3 0.0 104.9 8.8 75.2 7 SW Max >= 27.0 0 Max <= 0.0 0 Min <= 0.0 2 Min <= -18.0 0 Max Rain: 28.0 on day 25 Days of Rain: 21 (>= 0.2 mm) 10 (>= 2.0 mm) 1 (>= 20.0 mm) Heat Base: 18.3 Cool Base: 18.3 Method: Integration