NOAA-Style Climate Reports
Select a Year or Month report
2024: Jan Feb Mar Apr May Jun Jul Aug Sep Oct Nov Dec
2023: Jan Feb Mar Apr May Jun Jul Aug Sep Oct Nov Dec
2022: Jan Feb Mar Apr May Jun Jul Aug Sep Oct Nov Dec
2021: Jan Feb Mar Apr May Jun Jul Aug Sep Oct Nov Dec
2020: Jan Feb Mar Apr May Jun Jul Aug Sep Oct Nov Dec
2019: Jan Feb Mar Apr May Jun Jul Aug Sep Oct Nov Dec
2018: Jan Feb Mar Apr May Jun Jul Aug Sep Oct Nov Dec
2017: Jan Feb Mar Apr May Jun Jul Aug Sep Oct Nov Dec
2016: Jan Feb Mar Apr May Jun Jul Aug Sep Oct Nov Dec
2015: Jan Feb Mar Apr May Jun Jul Aug Sep Oct Nov Dec
2014: Jan Feb Mar Apr May Jun Jul Aug Sep Oct Nov Dec
2013: Jan Feb Mar Apr May Jun Jul Aug Sep Oct Nov Dec
2012: Jan Feb Mar Apr May Jun Jul Aug Sep Oct Nov Dec
2011: Jan Feb Mar Apr May Jun Jul Aug Sep Oct Nov Dec
2010: Jan Feb Mar Apr May Jun Jul Aug Sep Oct Nov Dec
2009: Jan Feb Mar Apr May Jun Jul Aug Sep Oct Nov Dec
2008: Jan Feb Mar Apr May Jun Jul Aug Sep Oct Nov Dec
2024: Jan Feb Mar Apr May Jun Jul Aug Sep Oct Nov Dec
2023: Jan Feb Mar Apr May Jun Jul Aug Sep Oct Nov Dec
2022: Jan Feb Mar Apr May Jun Jul Aug Sep Oct Nov Dec
2021: Jan Feb Mar Apr May Jun Jul Aug Sep Oct Nov Dec
2020: Jan Feb Mar Apr May Jun Jul Aug Sep Oct Nov Dec
2019: Jan Feb Mar Apr May Jun Jul Aug Sep Oct Nov Dec
2018: Jan Feb Mar Apr May Jun Jul Aug Sep Oct Nov Dec
2017: Jan Feb Mar Apr May Jun Jul Aug Sep Oct Nov Dec
2016: Jan Feb Mar Apr May Jun Jul Aug Sep Oct Nov Dec
2015: Jan Feb Mar Apr May Jun Jul Aug Sep Oct Nov Dec
2014: Jan Feb Mar Apr May Jun Jul Aug Sep Oct Nov Dec
2013: Jan Feb Mar Apr May Jun Jul Aug Sep Oct Nov Dec
2012: Jan Feb Mar Apr May Jun Jul Aug Sep Oct Nov Dec
2011: Jan Feb Mar Apr May Jun Jul Aug Sep Oct Nov Dec
2010: Jan Feb Mar Apr May Jun Jul Aug Sep Oct Nov Dec
2009: Jan Feb Mar Apr May Jun Jul Aug Sep Oct Nov Dec
2008: Jan Feb Mar Apr May Jun Jul Aug Sep Oct Nov Dec
Report for 2022 February
Monthly Climatological Summary for Feb 2022 Name: Garrymore Weather City: Geashill State: Offaly Elevation: 80 m Lat: N 53° 10' 02" Lon: W 007° 21' 35" Temperature (°C), Rain (mm), Wind Speed (km/h) Heat Cool Avg Mean Deg Deg Wind Dom Day Temp High Time Low Time Days Days Rain Speed High Time Dir ---------------------------------------------------------------------------------- 01 9.4 10.3 14:14 8.7 02:20 8.9 0.0 0.2 15.0 47.9 00:30 W 02 9.0 11.2 12:13 7.5 21:46 9.3 0.0 0.8 6.6 31.3 01:02 WSW 03 8.4 11.9 15:19 4.2 23:39 9.9 0.0 5.3 10.6 34.9 13:00 SW 04 3.9 6.8 14:06 1.5 05:21 14.4 0.0 0.8 7.7 38.5 14:44 W 05 7.3 9.5 14:04 2.5 02:38 11.0 0.0 4.1 13.9 47.9 10:44 SW 06 6.7 8.9 00:00 4.1 20:57 11.6 0.0 13.2 15.0 56.9 14:12 WNW 07 8.9 11.9 11:08 2.7 01:49 9.4 0.0 0.5 9.9 34.9 12:15 SSW 08 9.9 11.6 01:15 7.3 20:48 8.4 0.0 4.0 7.2 29.5 00:19 SW 09 5.6 8.0 00:36 2.7 23:25 12.7 0.0 0.3 6.3 29.5 12:27 W 10 3.2 7.7 14:56 -0.1 23:38 15.1 0.0 1.3 7.9 38.5 14:24 W 11 3.8 8.5 14:35 -2.3 05:25 14.5 0.0 0.5 13.5 58.7 22:51 S 12 8.5 11.2 13:37 6.1 22:51 9.8 0.0 4.5 14.5 58.7 00:10 S 13 6.7 8.5 14:20 4.7 23:44 11.6 0.0 14.5 9.6 34.9 17:13 W 14 5.0 7.7 14:49 3.2 19:42 13.3 0.0 1.5 12.7 42.1 11:56 WNW 15 7.7 12.1 23:58 5.5 00:00 10.6 0.0 3.6 10.4 40.3 23:39 SSW 16 10.6 13.8 10:48 6.4 23:50 7.7 0.0 7.4 18.0 68.0 14:19 W 17 5.4 8.6 13:02 3.2 23:18 12.9 0.0 8.1 8.6 47.9 02:50 WSW 18 3.2 7.1 02:29 0.8 08:28 15.1 0.0 5.1 16.8 75.2 09:55 W 19 5.9 10.5 23:57 0.9 01:31 12.4 0.0 10.6 12.4 66.2 10:32 WSW 20 7.8 11.9 11:01 1.0 20:58 10.5 0.0 5.1 19.9 73.4 17:33 W 21 7.4 10.0 14:14 3.5 00:14 10.9 0.0 0.0 19.1 66.2 05:24 W 22 8.2 10.4 06:05 5.3 23:34 10.1 0.0 3.1 14.0 71.6 06:11 WSW 23 6.8 11.8 13:44 2.9 23:14 11.5 0.0 1.5 14.0 58.7 14:15 SSW 24 2.7 5.4 13:30 0.1 08:01 15.6 0.0 2.8 10.8 40.3 13:49 W 25 6.3 10.7 12:51 1.3 06:39 12.0 0.0 0.0 9.3 34.9 18:20 SSW 26 8.5 9.6 13:22 7.4 05:37 9.8 0.0 0.0 25.0 69.8 13:38 SSE 27 8.4 11.1 14:32 7.4 04:35 9.9 0.0 1.8 16.8 56.9 00:01 SSE 28 6.8 10.0 15:26 -0.1 23:37 11.5 0.0 4.8 5.5 29.5 00:52 SW ---------------------------------------------------------------------------------- 6.9 13.8 16 -2.3 11 320.4 0.0 105.4 12.5 75.2 18 WSW Max >= 27.0 0 Max <= 0.0 0 Min <= 0.0 3 Min <= -18.0 0 Max Rain: 14.5 on day 13 Days of Rain: 25 (>= 0.2 mm) 15 (>= 2.0 mm) 0 (>= 20.0 mm) Heat Base: 18.3 Cool Base: 18.3 Method: Integration