NOAA-Style Climate Reports
Select a Year or Month report
2024: Jan Feb Mar Apr May Jun Jul Aug Sep Oct Nov Dec
2023: Jan Feb Mar Apr May Jun Jul Aug Sep Oct Nov Dec
2022: Jan Feb Mar Apr May Jun Jul Aug Sep Oct Nov Dec
2021: Jan Feb Mar Apr May Jun Jul Aug Sep Oct Nov Dec
2020: Jan Feb Mar Apr May Jun Jul Aug Sep Oct Nov Dec
2019: Jan Feb Mar Apr May Jun Jul Aug Sep Oct Nov Dec
2018: Jan Feb Mar Apr May Jun Jul Aug Sep Oct Nov Dec
2017: Jan Feb Mar Apr May Jun Jul Aug Sep Oct Nov Dec
2016: Jan Feb Mar Apr May Jun Jul Aug Sep Oct Nov Dec
2015: Jan Feb Mar Apr May Jun Jul Aug Sep Oct Nov Dec
2014: Jan Feb Mar Apr May Jun Jul Aug Sep Oct Nov Dec
2013: Jan Feb Mar Apr May Jun Jul Aug Sep Oct Nov Dec
2012: Jan Feb Mar Apr May Jun Jul Aug Sep Oct Nov Dec
2011: Jan Feb Mar Apr May Jun Jul Aug Sep Oct Nov Dec
2010: Jan Feb Mar Apr May Jun Jul Aug Sep Oct Nov Dec
2009: Jan Feb Mar Apr May Jun Jul Aug Sep Oct Nov Dec
2008: Jan Feb Mar Apr May Jun Jul Aug Sep Oct Nov Dec
2024: Jan Feb Mar Apr May Jun Jul Aug Sep Oct Nov Dec
2023: Jan Feb Mar Apr May Jun Jul Aug Sep Oct Nov Dec
2022: Jan Feb Mar Apr May Jun Jul Aug Sep Oct Nov Dec
2021: Jan Feb Mar Apr May Jun Jul Aug Sep Oct Nov Dec
2020: Jan Feb Mar Apr May Jun Jul Aug Sep Oct Nov Dec
2019: Jan Feb Mar Apr May Jun Jul Aug Sep Oct Nov Dec
2018: Jan Feb Mar Apr May Jun Jul Aug Sep Oct Nov Dec
2017: Jan Feb Mar Apr May Jun Jul Aug Sep Oct Nov Dec
2016: Jan Feb Mar Apr May Jun Jul Aug Sep Oct Nov Dec
2015: Jan Feb Mar Apr May Jun Jul Aug Sep Oct Nov Dec
2014: Jan Feb Mar Apr May Jun Jul Aug Sep Oct Nov Dec
2013: Jan Feb Mar Apr May Jun Jul Aug Sep Oct Nov Dec
2012: Jan Feb Mar Apr May Jun Jul Aug Sep Oct Nov Dec
2011: Jan Feb Mar Apr May Jun Jul Aug Sep Oct Nov Dec
2010: Jan Feb Mar Apr May Jun Jul Aug Sep Oct Nov Dec
2009: Jan Feb Mar Apr May Jun Jul Aug Sep Oct Nov Dec
2008: Jan Feb Mar Apr May Jun Jul Aug Sep Oct Nov Dec
Report for 2022 June
Monthly Climatological Summary for Jun 2022 Name: Garrymore Weather City: Geashill State: Offaly Elevation: 80 m Lat: N 53° 10' 02" Lon: W 007° 21' 35" Temperature (°C), Rain (mm), Wind Speed (km/h) Heat Cool Avg Mean Deg Deg Wind Dom Day Temp High Time Low Time Days Days Rain Speed High Time Dir ---------------------------------------------------------------------------------- 01 12.1 17.9 16:17 7.7 06:45 6.2 0.0 0.0 3.3 22.0 01:39 NW 02 11.0 15.4 14:34 5.2 03:56 7.3 0.0 4.5 3.4 20.2 09:05 S 03 12.1 17.5 16:30 7.2 01:46 6.2 0.0 0.0 3.4 25.6 17:13 NNE 04 12.7 17.2 14:08 9.9 02:06 5.6 0.0 0.0 3.8 29.5 11:02 ENE 05 11.0 12.1 10:08 9.7 05:13 7.3 0.0 3.1 1.7 16.6 15:12 NNE 06 12.3 16.4 12:39 9.7 00:00 6.0 0.0 0.2 0.9 13.0 11:47 S 07 14.0 19.0 15:07 10.6 05:06 4.3 0.0 0.6 4.2 31.3 17:08 SSE 08 14.2 17.6 14:45 11.6 22:52 4.1 0.0 0.7 8.3 43.9 12:24 WSW 09 14.4 20.4 15:26 10.1 01:52 4.2 0.3 6.9 7.9 33.1 09:44 SSW 10 14.1 18.5 16:17 10.8 02:35 4.2 0.0 2.8 11.6 42.1 17:05 S 11 13.8 17.6 13:51 11.4 04:55 4.5 0.0 0.0 9.1 36.7 13:54 SSW 12 12.7 16.3 14:47 10.6 04:39 5.6 0.0 0.0 8.5 38.5 14:07 W 13 12.6 15.5 15:13 10.4 03:48 5.7 0.0 0.0 3.9 22.0 15:29 W 14 13.7 17.8 14:42 9.7 03:48 4.6 0.0 0.0 3.9 22.0 10:12 S 15 15.0 21.8 18:27 7.1 05:08 3.8 0.5 0.0 2.8 20.2 12:09 SSW 16 16.0 23.3 16:19 9.9 04:51 3.0 0.7 0.0 6.0 34.9 17:25 S 17 15.8 18.3 08:45 11.8 23:58 2.5 0.0 0.0 6.3 25.6 04:27 SW 18 12.1 16.5 18:24 7.9 04:48 6.2 0.0 0.0 6.0 27.7 18:39 WNW 19 12.7 18.1 16:21 8.5 01:36 5.6 0.0 0.0 9.5 36.7 16:36 NNW 20 17.2 22.3 18:06 8.1 02:48 1.6 0.9 0.0 5.3 27.7 00:27 NW 21 15.3 20.7 16:06 10.5 05:32 3.2 0.1 0.0 2.7 14.8 02:44 WNW 22 17.4 21.1 14:26 14.3 05:50 1.5 0.6 0.0 2.5 11.2 20:06 WNW 23 16.0 22.5 17:27 11.0 03:29 3.0 0.7 0.0 4.3 22.0 13:08 W 24 14.6 17.1 17:47 11.4 23:46 3.7 0.0 16.8 6.2 34.9 17:10 S 25 11.6 14.8 11:30 8.9 06:11 6.7 0.0 6.8 15.1 47.9 14:44 S 26 12.9 17.4 16:12 10.4 04:35 5.4 0.0 10.2 11.4 46.1 01:25 SSW 27 12.2 16.0 13:01 8.1 04:20 6.1 0.0 1.5 8.6 36.7 17:57 S 28 14.7 18.9 17:25 11.9 00:00 3.6 0.0 20.6 12.8 46.1 14:22 S 29 13.5 17.7 15:29 11.2 05:45 4.8 0.0 2.5 4.0 22.0 12:46 SW 30 13.3 17.0 15:57 10.4 06:06 4.7 0.0 0.3 5.1 20.2 15:50 WNW ---------------------------------------------------------------------------------- 13.7 23.3 16 5.2 2 141.2 3.8 77.5 6.1 47.9 25 SW Max >= 27.0 0 Max <= 0.0 0 Min <= 0.0 0 Min <= -18.0 0 Max Rain: 20.6 on day 28 Days of Rain: 14 (>= 0.2 mm) 9 (>= 2.0 mm) 1 (>= 20.0 mm) Heat Base: 18.3 Cool Base: 18.3 Method: Integration