NOAA-Style Climate Reports
Select a Year or Month report
2024: Jan Feb Mar Apr May Jun Jul Aug Sep Oct Nov Dec
2023: Jan Feb Mar Apr May Jun Jul Aug Sep Oct Nov Dec
2022: Jan Feb Mar Apr May Jun Jul Aug Sep Oct Nov Dec
2021: Jan Feb Mar Apr May Jun Jul Aug Sep Oct Nov Dec
2020: Jan Feb Mar Apr May Jun Jul Aug Sep Oct Nov Dec
2019: Jan Feb Mar Apr May Jun Jul Aug Sep Oct Nov Dec
2018: Jan Feb Mar Apr May Jun Jul Aug Sep Oct Nov Dec
2017: Jan Feb Mar Apr May Jun Jul Aug Sep Oct Nov Dec
2016: Jan Feb Mar Apr May Jun Jul Aug Sep Oct Nov Dec
2015: Jan Feb Mar Apr May Jun Jul Aug Sep Oct Nov Dec
2014: Jan Feb Mar Apr May Jun Jul Aug Sep Oct Nov Dec
2013: Jan Feb Mar Apr May Jun Jul Aug Sep Oct Nov Dec
2012: Jan Feb Mar Apr May Jun Jul Aug Sep Oct Nov Dec
2011: Jan Feb Mar Apr May Jun Jul Aug Sep Oct Nov Dec
2010: Jan Feb Mar Apr May Jun Jul Aug Sep Oct Nov Dec
2009: Jan Feb Mar Apr May Jun Jul Aug Sep Oct Nov Dec
2008: Jan Feb Mar Apr May Jun Jul Aug Sep Oct Nov Dec
2024: Jan Feb Mar Apr May Jun Jul Aug Sep Oct Nov Dec
2023: Jan Feb Mar Apr May Jun Jul Aug Sep Oct Nov Dec
2022: Jan Feb Mar Apr May Jun Jul Aug Sep Oct Nov Dec
2021: Jan Feb Mar Apr May Jun Jul Aug Sep Oct Nov Dec
2020: Jan Feb Mar Apr May Jun Jul Aug Sep Oct Nov Dec
2019: Jan Feb Mar Apr May Jun Jul Aug Sep Oct Nov Dec
2018: Jan Feb Mar Apr May Jun Jul Aug Sep Oct Nov Dec
2017: Jan Feb Mar Apr May Jun Jul Aug Sep Oct Nov Dec
2016: Jan Feb Mar Apr May Jun Jul Aug Sep Oct Nov Dec
2015: Jan Feb Mar Apr May Jun Jul Aug Sep Oct Nov Dec
2014: Jan Feb Mar Apr May Jun Jul Aug Sep Oct Nov Dec
2013: Jan Feb Mar Apr May Jun Jul Aug Sep Oct Nov Dec
2012: Jan Feb Mar Apr May Jun Jul Aug Sep Oct Nov Dec
2011: Jan Feb Mar Apr May Jun Jul Aug Sep Oct Nov Dec
2010: Jan Feb Mar Apr May Jun Jul Aug Sep Oct Nov Dec
2009: Jan Feb Mar Apr May Jun Jul Aug Sep Oct Nov Dec
2008: Jan Feb Mar Apr May Jun Jul Aug Sep Oct Nov Dec
Report for 2022 August
Monthly Climatological Summary for Aug 2022 Name: Garrymore Weather City: Geashill State: Offaly Elevation: 80 m Lat: N 53° 10' 02" Lon: W 007° 21' 35" Temperature (°C), Rain (mm), Wind Speed (km/h) Heat Cool Avg Mean Deg Deg Wind Dom Day Temp High Time Low Time Days Days Rain Speed High Time Dir ---------------------------------------------------------------------------------- 01 15.1 19.3 17:55 7.9 06:11 3.4 0.2 3.6 6.6 29.5 13:57 S 02 19.4 23.5 16:45 16.5 22:48 0.2 1.3 1.3 7.0 29.5 00:24 SW 03 16.0 20.2 15:25 11.0 23:58 2.4 0.1 0.2 7.0 29.5 00:15 WSW 04 12.9 18.4 14:46 7.8 05:48 5.4 0.0 0.0 6.5 29.5 15:22 WNW 05 13.5 18.9 17:19 7.4 02:53 4.9 0.0 0.0 5.8 27.7 11:56 WNW 06 13.5 20.2 17:14 6.3 05:09 4.9 0.1 0.0 3.1 22.0 18:48 WSW 07 15.0 22.7 16:06 5.4 06:15 4.0 0.7 0.0 4.1 29.5 10:49 WNW 08 15.9 23.3 17:36 7.2 05:40 3.7 1.3 0.0 2.8 18.4 13:00 WNW 09 18.0 26.5 16:30 9.5 06:30 2.9 2.5 0.0 2.2 18.4 14:06 W 10 18.5 28.8 15:58 8.5 05:17 3.1 3.3 0.0 1.6 13.0 13:10 WSW 11 20.4 29.6 15:09 11.4 06:07 1.9 4.0 0.0 1.7 14.8 16:53 NNW 12 20.4 29.9 16:27 10.4 05:52 1.9 4.1 0.0 1.9 22.0 18:07 NNE 13 20.6 29.8 16:25 11.9 05:24 1.6 3.9 0.0 1.9 20.2 15:42 NNE 14 19.4 26.6 14:30 12.8 06:19 1.5 2.6 0.0 2.7 16.6 13:13 WNW 15 18.2 23.9 14:18 14.1 07:59 1.2 1.1 1.3 4.5 27.7 19:29 N 16 14.7 18.4 15:52 9.4 23:45 3.6 0.0 0.0 9.9 34.9 13:16 N 17 13.3 20.6 16:57 6.8 04:29 5.1 0.2 0.0 4.8 18.4 10:39 WNW 18 16.0 22.2 15:18 12.0 23:48 2.8 0.5 0.0 7.6 31.3 15:48 SSW 19 14.9 20.5 15:04 10.9 06:26 3.6 0.1 0.5 6.7 33.1 13:04 SW 20 16.3 21.9 14:29 13.6 22:32 2.4 0.4 0.3 9.2 36.7 12:42 SW 21 14.8 21.6 18:11 5.7 06:49 4.1 0.5 0.0 2.6 18.4 15:34 S 22 17.9 22.6 14:28 14.5 00:32 1.5 1.0 0.2 4.1 20.2 07:41 SSW 23 18.0 22.1 13:40 15.4 06:03 1.0 0.7 0.3 3.9 31.3 13:33 SW 24 15.4 21.0 15:42 11.5 07:09 3.2 0.2 1.2 4.1 23.8 14:10 SW 25 14.3 19.8 16:14 8.1 06:28 4.0 0.1 0.0 4.0 22.0 20:22 SSW 26 14.6 19.0 17:24 9.7 23:21 3.7 0.0 0.3 6.0 23.8 10:49 WNW 27 15.5 23.9 17:33 7.9 07:20 3.9 1.1 0.0 1.2 14.8 14:15 SW 28 15.8 20.6 15:21 11.1 06:43 2.9 0.4 0.0 0.7 14.8 12:40 NNE 29 17.7 25.5 14:47 12.9 06:22 2.3 1.6 0.0 1.2 20.2 11:54 SSE 30 15.9 22.9 15:31 8.9 06:54 3.5 1.0 0.0 1.0 27.7 14:40 SE 31 14.8 20.9 13:10 9.8 06:46 3.9 0.4 0.0 2.4 25.6 13:51 NNE ---------------------------------------------------------------------------------- 16.3 29.9 12 5.4 7 94.5 33.4 9.2 4.2 36.7 20 WSW Max >= 27.0 4 Max <= 0.0 0 Min <= 0.0 0 Min <= -18.0 0 Max Rain: 3.6 on day 1 Days of Rain: 10 (>= 0.2 mm) 1 (>= 2.0 mm) 0 (>= 20.0 mm) Heat Base: 18.3 Cool Base: 18.3 Method: Integration