NOAA-Style Climate Reports
Select a Year or Month report
2024: Jan Feb Mar Apr May Jun Jul Aug Sep Oct Nov Dec
2023: Jan Feb Mar Apr May Jun Jul Aug Sep Oct Nov Dec
2022: Jan Feb Mar Apr May Jun Jul Aug Sep Oct Nov Dec
2021: Jan Feb Mar Apr May Jun Jul Aug Sep Oct Nov Dec
2020: Jan Feb Mar Apr May Jun Jul Aug Sep Oct Nov Dec
2019: Jan Feb Mar Apr May Jun Jul Aug Sep Oct Nov Dec
2018: Jan Feb Mar Apr May Jun Jul Aug Sep Oct Nov Dec
2017: Jan Feb Mar Apr May Jun Jul Aug Sep Oct Nov Dec
2016: Jan Feb Mar Apr May Jun Jul Aug Sep Oct Nov Dec
2015: Jan Feb Mar Apr May Jun Jul Aug Sep Oct Nov Dec
2014: Jan Feb Mar Apr May Jun Jul Aug Sep Oct Nov Dec
2013: Jan Feb Mar Apr May Jun Jul Aug Sep Oct Nov Dec
2012: Jan Feb Mar Apr May Jun Jul Aug Sep Oct Nov Dec
2011: Jan Feb Mar Apr May Jun Jul Aug Sep Oct Nov Dec
2010: Jan Feb Mar Apr May Jun Jul Aug Sep Oct Nov Dec
2009: Jan Feb Mar Apr May Jun Jul Aug Sep Oct Nov Dec
2008: Jan Feb Mar Apr May Jun Jul Aug Sep Oct Nov Dec
2024: Jan Feb Mar Apr May Jun Jul Aug Sep Oct Nov Dec
2023: Jan Feb Mar Apr May Jun Jul Aug Sep Oct Nov Dec
2022: Jan Feb Mar Apr May Jun Jul Aug Sep Oct Nov Dec
2021: Jan Feb Mar Apr May Jun Jul Aug Sep Oct Nov Dec
2020: Jan Feb Mar Apr May Jun Jul Aug Sep Oct Nov Dec
2019: Jan Feb Mar Apr May Jun Jul Aug Sep Oct Nov Dec
2018: Jan Feb Mar Apr May Jun Jul Aug Sep Oct Nov Dec
2017: Jan Feb Mar Apr May Jun Jul Aug Sep Oct Nov Dec
2016: Jan Feb Mar Apr May Jun Jul Aug Sep Oct Nov Dec
2015: Jan Feb Mar Apr May Jun Jul Aug Sep Oct Nov Dec
2014: Jan Feb Mar Apr May Jun Jul Aug Sep Oct Nov Dec
2013: Jan Feb Mar Apr May Jun Jul Aug Sep Oct Nov Dec
2012: Jan Feb Mar Apr May Jun Jul Aug Sep Oct Nov Dec
2011: Jan Feb Mar Apr May Jun Jul Aug Sep Oct Nov Dec
2010: Jan Feb Mar Apr May Jun Jul Aug Sep Oct Nov Dec
2009: Jan Feb Mar Apr May Jun Jul Aug Sep Oct Nov Dec
2008: Jan Feb Mar Apr May Jun Jul Aug Sep Oct Nov Dec
Report for 2022 November
Monthly Climatological Summary for Nov 2022 Name: Garrymore Weather City: Geashill State: Offaly Elevation: 80 m Lat: N 53° 10' 02" Lon: W 007° 21' 35" Temperature (°C), Rain (mm), Wind Speed (km/h) Heat Cool Avg Mean Deg Deg Wind Dom Day Temp High Time Low Time Days Days Rain Speed High Time Dir ---------------------------------------------------------------------------------- 01 8.2 11.2 12:07 5.3 23:27 10.1 0.0 0.2 6.9 25.6 06:37 SSW 02 9.0 13.2 13:42 4.8 02:54 9.3 0.0 13.0 15.4 60.5 16:53 S 03 6.4 9.6 14:25 3.9 07:49 11.9 0.0 0.2 6.4 22.0 00:55 SSW 04 7.4 11.9 12:20 3.5 00:23 10.9 0.0 0.3 4.3 22.0 01:34 WSW 05 10.6 13.7 14:49 8.7 00:00 7.7 0.0 5.1 8.3 34.9 04:51 S 06 9.4 12.3 12:17 7.1 20:40 8.9 0.0 3.8 8.3 33.1 11:38 S 07 11.6 14.4 13:31 7.6 00:11 6.6 0.0 9.9 14.3 69.8 16:23 S 08 9.3 12.1 11:46 6.6 03:19 9.0 0.0 2.5 6.6 31.3 10:55 SSW 09 10.0 12.6 23:16 6.7 05:30 8.3 0.0 2.3 9.5 34.9 20:12 SSW 10 13.8 15.2 14:41 12.3 03:58 4.5 0.0 2.8 16.4 62.3 18:49 S 11 14.1 15.8 12:51 11.0 20:58 4.1 0.0 6.1 17.9 66.2 09:19 S 12 13.2 13.8 01:31 12.5 00:00 5.1 0.0 0.3 7.9 33.1 09:27 SSE 13 12.6 16.2 12:34 10.3 23:34 5.7 0.0 12.9 6.0 42.1 11:30 SSE 14 10.0 11.7 23:36 8.8 10:06 8.3 0.0 2.6 7.8 47.9 20:13 SSE 15 7.0 11.8 00:04 4.2 23:50 11.3 0.0 2.0 4.6 27.7 00:11 S 16 4.2 10.2 14:42 -0.2 08:48 14.1 0.0 0.2 1.0 11.2 12:11 SSE 17 3.6 7.4 13:44 -0.6 09:04 14.7 0.0 1.1 3.6 22.0 22:26 WNW 18 5.8 9.2 13:32 2.2 23:47 12.5 0.0 0.0 8.5 29.5 00:26 WNW 19 4.0 7.8 20:38 -0.5 02:27 14.3 0.0 4.5 6.5 43.9 16:28 S 20 5.7 8.5 13:07 3.6 08:04 12.6 0.0 1.8 5.6 36.7 01:33 SSW 21 6.2 8.4 04:35 3.0 19:31 12.1 0.0 25.4 7.2 34.9 07:55 SSW 22 4.8 6.0 14:47 3.2 06:47 13.4 0.0 0.3 3.0 23.8 06:25 W 23 6.8 8.9 14:56 5.1 08:41 11.5 0.0 17.5 9.6 49.7 16:30 S 24 7.7 10.3 12:17 4.4 01:34 10.6 0.0 1.3 12.4 55.1 08:08 S 25 7.9 10.9 12:10 4.4 05:34 10.4 0.0 0.0 10.1 31.3 23:59 S 26 11.7 13.3 16:00 10.0 23:59 6.6 0.0 2.0 16.6 60.5 08:33 S 27 8.0 10.4 13:17 5.5 19:38 10.4 0.0 2.3 9.6 34.9 11:41 S 28 7.2 9.8 14:35 4.8 04:07 11.1 0.0 1.0 8.5 34.9 11:51 W 29 6.4 8.5 12:30 4.1 05:00 11.9 0.0 0.0 2.8 18.4 13:40 SSE 30 9.1 11.1 14:28 5.5 05:41 9.2 0.0 0.0 6.3 27.7 15:48 SSE ---------------------------------------------------------------------------------- 8.4 16.2 13 -0.6 17 297.1 0.0 121.4 8.4 69.8 7 S Max >= 27.0 0 Max <= 0.0 0 Min <= 0.0 3 Min <= -18.0 0 Max Rain: 25.4 on day 21 Days of Rain: 26 (>= 0.2 mm) 16 (>= 2.0 mm) 1 (>= 20.0 mm) Heat Base: 18.3 Cool Base: 18.3 Method: Integration