NOAA-Style Climate Reports
Select a Year or Month report
2024: Jan Feb Mar Apr May Jun Jul Aug Sep Oct Nov Dec
2023: Jan Feb Mar Apr May Jun Jul Aug Sep Oct Nov Dec
2022: Jan Feb Mar Apr May Jun Jul Aug Sep Oct Nov Dec
2021: Jan Feb Mar Apr May Jun Jul Aug Sep Oct Nov Dec
2020: Jan Feb Mar Apr May Jun Jul Aug Sep Oct Nov Dec
2019: Jan Feb Mar Apr May Jun Jul Aug Sep Oct Nov Dec
2018: Jan Feb Mar Apr May Jun Jul Aug Sep Oct Nov Dec
2017: Jan Feb Mar Apr May Jun Jul Aug Sep Oct Nov Dec
2016: Jan Feb Mar Apr May Jun Jul Aug Sep Oct Nov Dec
2015: Jan Feb Mar Apr May Jun Jul Aug Sep Oct Nov Dec
2014: Jan Feb Mar Apr May Jun Jul Aug Sep Oct Nov Dec
2013: Jan Feb Mar Apr May Jun Jul Aug Sep Oct Nov Dec
2012: Jan Feb Mar Apr May Jun Jul Aug Sep Oct Nov Dec
2011: Jan Feb Mar Apr May Jun Jul Aug Sep Oct Nov Dec
2010: Jan Feb Mar Apr May Jun Jul Aug Sep Oct Nov Dec
2009: Jan Feb Mar Apr May Jun Jul Aug Sep Oct Nov Dec
2008: Jan Feb Mar Apr May Jun Jul Aug Sep Oct Nov Dec
2024: Jan Feb Mar Apr May Jun Jul Aug Sep Oct Nov Dec
2023: Jan Feb Mar Apr May Jun Jul Aug Sep Oct Nov Dec
2022: Jan Feb Mar Apr May Jun Jul Aug Sep Oct Nov Dec
2021: Jan Feb Mar Apr May Jun Jul Aug Sep Oct Nov Dec
2020: Jan Feb Mar Apr May Jun Jul Aug Sep Oct Nov Dec
2019: Jan Feb Mar Apr May Jun Jul Aug Sep Oct Nov Dec
2018: Jan Feb Mar Apr May Jun Jul Aug Sep Oct Nov Dec
2017: Jan Feb Mar Apr May Jun Jul Aug Sep Oct Nov Dec
2016: Jan Feb Mar Apr May Jun Jul Aug Sep Oct Nov Dec
2015: Jan Feb Mar Apr May Jun Jul Aug Sep Oct Nov Dec
2014: Jan Feb Mar Apr May Jun Jul Aug Sep Oct Nov Dec
2013: Jan Feb Mar Apr May Jun Jul Aug Sep Oct Nov Dec
2012: Jan Feb Mar Apr May Jun Jul Aug Sep Oct Nov Dec
2011: Jan Feb Mar Apr May Jun Jul Aug Sep Oct Nov Dec
2010: Jan Feb Mar Apr May Jun Jul Aug Sep Oct Nov Dec
2009: Jan Feb Mar Apr May Jun Jul Aug Sep Oct Nov Dec
2008: Jan Feb Mar Apr May Jun Jul Aug Sep Oct Nov Dec
Report for 2023 February
Monthly Climatological Summary for Feb 2023 Name: Garrymore Weather City: Geashill State: Offaly Elevation: 80 m Lat: N 53° 10' 01" Lon: W 007° 21' 34" Temperature (°C), Rain (mm), Wind Speed (km/h) Heat Cool Avg Mean Deg Deg Wind Dom Day Temp High Time Low Time Days Days Rain Speed High Time Dir ---------------------------------------------------------------------------------- 01 8.0 9.9 12:20 6.1 00:04 10.3 0.0 0.0 9.7 33.1 04:58 W 02 9.6 10.5 14:57 8.2 05:47 8.7 0.0 0.3 9.1 38.5 20:36 WSW 03 10.0 12.7 13:56 8.5 23:41 8.3 0.0 0.0 7.2 29.5 05:50 SW 04 7.0 11.5 12:37 -0.1 23:29 11.3 0.0 0.5 7.5 38.5 15:24 SSW 05 2.9 8.4 15:15 -2.3 04:58 15.4 0.0 0.2 6.1 34.9 12:13 S 06 6.3 9.1 13:18 2.6 00:46 12.0 0.0 0.0 8.2 31.3 18:36 S 07 7.1 10.6 14:46 5.2 03:06 11.1 0.0 0.0 5.7 25.6 01:23 S 08 6.1 8.3 14:00 2.2 08:48 12.2 0.0 1.1 9.4 36.7 09:33 S 09 3.6 8.2 13:24 -1.5 07:35 14.7 0.0 0.0 3.1 22.0 12:47 SW 10 7.6 11.7 13:24 1.8 00:00 10.7 0.0 0.0 7.8 29.5 13:38 SSW 11 8.2 10.6 12:13 7.2 03:26 10.1 0.0 0.0 5.0 20.2 13:13 S 12 7.5 9.1 12:02 6.2 20:31 10.8 0.0 0.0 6.1 36.7 23:33 SSE 13 7.8 9.9 10:49 6.0 21:48 10.4 0.0 0.0 9.9 34.9 13:40 SSE 14 9.8 13.5 13:35 6.5 00:00 8.3 0.0 3.3 11.0 40.3 13:54 SSE 15 7.7 10.6 13:08 4.8 08:33 10.6 0.0 6.6 12.2 40.3 22:06 S 16 10.4 13.2 15:55 7.7 09:32 7.9 0.0 0.2 8.0 33.1 19:41 SW 17 11.7 13.0 14:48 10.5 07:43 6.2 0.0 0.0 9.2 38.5 01:09 WSW 18 10.0 11.7 00:34 7.1 23:06 8.3 0.0 0.8 10.7 38.5 16:31 W 19 9.6 13.0 14:51 6.6 05:17 8.7 0.0 0.0 7.9 31.3 19:28 SW 20 11.0 12.9 15:40 9.6 23:53 7.3 0.0 0.0 7.3 33.1 01:20 SW 21 9.2 12.4 15:01 4.8 23:49 9.1 0.0 3.8 9.1 33.1 23:28 SSW 22 4.2 8.3 14:19 0.9 23:34 14.1 0.0 0.5 10.7 36.7 03:28 NW 23 4.2 9.1 13:20 -0.8 07:37 14.1 0.0 0.0 5.9 18.4 00:04 NW 24 6.6 9.9 14:53 2.5 22:27 11.7 0.0 0.0 7.9 27.7 14:43 NW 25 3.7 7.7 12:32 0.1 05:29 14.6 0.0 0.0 3.4 23.8 14:48 NNE 26 4.9 8.6 14:02 0.1 23:52 13.4 0.0 0.0 2.6 20.2 11:15 ENE 27 3.7 7.6 11:49 -2.0 02:53 14.6 0.0 0.0 1.6 20.2 12:18 E 28 4.7 7.4 11:48 3.3 07:30 13.6 0.0 0.5 6.2 25.6 16:46 NNE ---------------------------------------------------------------------------------- 7.3 13.5 14 -2.3 5 308.5 0.0 17.8 7.4 40.3 14 SW Max >= 27.0 0 Max <= 0.0 0 Min <= 0.0 5 Min <= -18.0 0 Max Rain: 6.6 on day 15 Days of Rain: 11 (>= 0.2 mm) 3 (>= 2.0 mm) 0 (>= 20.0 mm) Heat Base: 18.3 Cool Base: 18.3 Method: Integration