NOAA-Style Climate Reports
Select a Year or Month report
2024: Jan Feb Mar Apr May Jun Jul Aug Sep Oct Nov Dec
2023: Jan Feb Mar Apr May Jun Jul Aug Sep Oct Nov Dec
2022: Jan Feb Mar Apr May Jun Jul Aug Sep Oct Nov Dec
2021: Jan Feb Mar Apr May Jun Jul Aug Sep Oct Nov Dec
2020: Jan Feb Mar Apr May Jun Jul Aug Sep Oct Nov Dec
2019: Jan Feb Mar Apr May Jun Jul Aug Sep Oct Nov Dec
2018: Jan Feb Mar Apr May Jun Jul Aug Sep Oct Nov Dec
2017: Jan Feb Mar Apr May Jun Jul Aug Sep Oct Nov Dec
2016: Jan Feb Mar Apr May Jun Jul Aug Sep Oct Nov Dec
2015: Jan Feb Mar Apr May Jun Jul Aug Sep Oct Nov Dec
2014: Jan Feb Mar Apr May Jun Jul Aug Sep Oct Nov Dec
2013: Jan Feb Mar Apr May Jun Jul Aug Sep Oct Nov Dec
2012: Jan Feb Mar Apr May Jun Jul Aug Sep Oct Nov Dec
2011: Jan Feb Mar Apr May Jun Jul Aug Sep Oct Nov Dec
2010: Jan Feb Mar Apr May Jun Jul Aug Sep Oct Nov Dec
2009: Jan Feb Mar Apr May Jun Jul Aug Sep Oct Nov Dec
2008: Jan Feb Mar Apr May Jun Jul Aug Sep Oct Nov Dec
2024: Jan Feb Mar Apr May Jun Jul Aug Sep Oct Nov Dec
2023: Jan Feb Mar Apr May Jun Jul Aug Sep Oct Nov Dec
2022: Jan Feb Mar Apr May Jun Jul Aug Sep Oct Nov Dec
2021: Jan Feb Mar Apr May Jun Jul Aug Sep Oct Nov Dec
2020: Jan Feb Mar Apr May Jun Jul Aug Sep Oct Nov Dec
2019: Jan Feb Mar Apr May Jun Jul Aug Sep Oct Nov Dec
2018: Jan Feb Mar Apr May Jun Jul Aug Sep Oct Nov Dec
2017: Jan Feb Mar Apr May Jun Jul Aug Sep Oct Nov Dec
2016: Jan Feb Mar Apr May Jun Jul Aug Sep Oct Nov Dec
2015: Jan Feb Mar Apr May Jun Jul Aug Sep Oct Nov Dec
2014: Jan Feb Mar Apr May Jun Jul Aug Sep Oct Nov Dec
2013: Jan Feb Mar Apr May Jun Jul Aug Sep Oct Nov Dec
2012: Jan Feb Mar Apr May Jun Jul Aug Sep Oct Nov Dec
2011: Jan Feb Mar Apr May Jun Jul Aug Sep Oct Nov Dec
2010: Jan Feb Mar Apr May Jun Jul Aug Sep Oct Nov Dec
2009: Jan Feb Mar Apr May Jun Jul Aug Sep Oct Nov Dec
2008: Jan Feb Mar Apr May Jun Jul Aug Sep Oct Nov Dec
Report for 2009 November
Monthly Climatological Summary for Nov 2009 Name: Garrymore Weather City: Geashill State: Offaly Elevation: 80 m Lat: N 53° 10' 05" Lon: W 007° 21' 37" Temperature (°C), Rain (mm), Wind Speed (km/h) Heat Cool Avg Mean Deg Deg Wind Dom Day Temp High Time Low Time Days Days Rain Speed High Time Dir ---------------------------------------------------------------------------------- 01 10.0 13.3 14:19 6.6 23:54 8.3 0.0 23.1 4.9 37.0 09:31 WNW 02 8.4 11.4 23:58 6.4 00:33 9.8 0.0 1.8 5.1 25.9 03:29 W 03 9.2 13.3 13:04 6.3 18:45 9.1 0.0 7.5 6.7 31.5 02:02 WSW 04 8.8 13.7 11:56 7.0 01:14 9.5 0.0 2.7 8.7 42.6 12:54 WNW 05 8.5 11.8 12:20 6.7 05:22 9.8 0.0 0.0 9.7 50.0 12:30 WNW 06 7.7 13.6 12:09 4.6 23:41 10.6 0.0 3.0 5.5 37.0 12:26 WSW 07 6.3 10.0 14:55 4.0 01:07 12.0 0.0 6.6 6.0 27.8 07:05 W 08 7.1 13.2 15:01 1.6 23:53 11.2 0.0 0.0 4.3 25.9 02:25 WNW 09 5.8 9.3 23:47 1.0 01:22 12.5 0.0 15.3 2.5 24.1 16:15 SE 10 6.8 12.4 14:52 0.5 23:58 11.5 0.0 0.0 2.3 20.4 03:53 WNW 11 4.7 9.4 14:42 -0.9 03:28 13.6 0.0 9.3 1.2 20.4 15:18 ESE 12 7.8 12.5 12:43 5.4 07:00 10.5 0.0 5.4 6.5 50.0 14:49 SSW 13 6.7 10.4 10:53 4.0 08:18 11.6 0.0 5.7 4.2 24.1 05:49 SSE 14 7.5 11.3 15:25 3.2 22:55 10.8 0.0 3.6 4.6 31.5 12:32 WNW 15 9.1 13.9 12:20 2.7 00:32 9.2 0.0 3.3 4.6 27.8 13:31 S 16 9.1 11.4 14:03 6.2 22:47 9.2 0.0 5.1 7.9 37.0 15:39 WSW 17 7.9 12.3 13:23 4.7 04:28 10.4 0.0 2.7 6.5 38.9 23:23 WSW 18 10.2 13.8 23:49 5.9 05:50 8.1 0.0 15.0 9.7 48.2 15:12 WSW 19 13.6 14.2 11:00 12.0 23:42 4.7 0.0 27.6 15.1 51.9 11:50 SW 20 9.9 14.3 14:17 5.2 20:49 8.5 0.0 1.5 4.7 31.5 10:38 WSW 21 11.1 15.4 12:14 6.9 00:29 7.2 0.0 5.1 13.5 46.3 08:57 SSE 22 7.8 9.5 12:35 5.8 06:08 10.5 0.0 6.6 13.6 59.3 12:45 WSW 23 9.2 12.3 12:17 6.9 22:20 9.1 0.0 4.5 7.1 40.7 00:18 W 24 9.5 12.4 11:06 5.0 23:59 8.8 0.0 9.9 9.0 38.9 12:51 WSW 25 7.1 11.2 13:57 4.8 02:25 11.2 0.0 3.6 9.4 48.2 09:23 WSW 26 5.9 10.5 12:28 3.1 23:55 12.4 0.0 0.6 6.3 27.8 08:00 WSW 27 4.7 9.1 10:30 0.0 23:57 13.6 0.0 0.3 2.6 20.4 06:15 WSW 28 0.1 1.7 14:08 -2.6 08:21 18.2 0.0 0.6 1.3 16.7 23:59 NW 29 4.3 6.9 13:17 1.5 23:58 14.0 0.0 2.4 9.4 35.2 09:37 NW 30 1.5 7.2 14:33 -1.6 08:40 16.8 0.0 0.0 3.6 22.2 00:39 WNW ---------------------------------------------------------------------------------- 7.5 15.4 21 -2.6 28 322.7 0.0 172.8 6.6 59.3 22 WSW Max >= 27.0 0 Max <= 0.0 0 Min <= 0.0 4 Min <= -18.0 0 Max Rain: 27.6 on day 19 Days of Rain: 26 (>= 0.2 mm) 21 (>= 2.0 mm) 2 (>= 20.0 mm) Heat Base: 18.3 Cool Base: 18.3 Method: Integration