NOAA-Style Climate Reports
Select a Year or Month report
2024: Jan Feb Mar Apr May Jun Jul Aug Sep Oct Nov Dec
2023: Jan Feb Mar Apr May Jun Jul Aug Sep Oct Nov Dec
2022: Jan Feb Mar Apr May Jun Jul Aug Sep Oct Nov Dec
2021: Jan Feb Mar Apr May Jun Jul Aug Sep Oct Nov Dec
2020: Jan Feb Mar Apr May Jun Jul Aug Sep Oct Nov Dec
2019: Jan Feb Mar Apr May Jun Jul Aug Sep Oct Nov Dec
2018: Jan Feb Mar Apr May Jun Jul Aug Sep Oct Nov Dec
2017: Jan Feb Mar Apr May Jun Jul Aug Sep Oct Nov Dec
2016: Jan Feb Mar Apr May Jun Jul Aug Sep Oct Nov Dec
2015: Jan Feb Mar Apr May Jun Jul Aug Sep Oct Nov Dec
2014: Jan Feb Mar Apr May Jun Jul Aug Sep Oct Nov Dec
2013: Jan Feb Mar Apr May Jun Jul Aug Sep Oct Nov Dec
2012: Jan Feb Mar Apr May Jun Jul Aug Sep Oct Nov Dec
2011: Jan Feb Mar Apr May Jun Jul Aug Sep Oct Nov Dec
2010: Jan Feb Mar Apr May Jun Jul Aug Sep Oct Nov Dec
2009: Jan Feb Mar Apr May Jun Jul Aug Sep Oct Nov Dec
2008: Jan Feb Mar Apr May Jun Jul Aug Sep Oct Nov Dec
2024: Jan Feb Mar Apr May Jun Jul Aug Sep Oct Nov Dec
2023: Jan Feb Mar Apr May Jun Jul Aug Sep Oct Nov Dec
2022: Jan Feb Mar Apr May Jun Jul Aug Sep Oct Nov Dec
2021: Jan Feb Mar Apr May Jun Jul Aug Sep Oct Nov Dec
2020: Jan Feb Mar Apr May Jun Jul Aug Sep Oct Nov Dec
2019: Jan Feb Mar Apr May Jun Jul Aug Sep Oct Nov Dec
2018: Jan Feb Mar Apr May Jun Jul Aug Sep Oct Nov Dec
2017: Jan Feb Mar Apr May Jun Jul Aug Sep Oct Nov Dec
2016: Jan Feb Mar Apr May Jun Jul Aug Sep Oct Nov Dec
2015: Jan Feb Mar Apr May Jun Jul Aug Sep Oct Nov Dec
2014: Jan Feb Mar Apr May Jun Jul Aug Sep Oct Nov Dec
2013: Jan Feb Mar Apr May Jun Jul Aug Sep Oct Nov Dec
2012: Jan Feb Mar Apr May Jun Jul Aug Sep Oct Nov Dec
2011: Jan Feb Mar Apr May Jun Jul Aug Sep Oct Nov Dec
2010: Jan Feb Mar Apr May Jun Jul Aug Sep Oct Nov Dec
2009: Jan Feb Mar Apr May Jun Jul Aug Sep Oct Nov Dec
2008: Jan Feb Mar Apr May Jun Jul Aug Sep Oct Nov Dec
Report for 2013 April
Monthly Climatological Summary for Apr 2013 Name: Garrymore Weather City: Geashill State: Offaly Elevation: 80 m Lat: N 53° 10' 05" Lon: W 007° 21' 37" Temperature (°C), Rain (mm), Wind Speed (km/h) Heat Cool Avg Mean Deg Deg Wind Dom Day Temp High Time Low Time Days Days Rain Speed High Time Dir ---------------------------------------------------------------------------------- 01 2.0 4.8 23:36 -0.5 00:11 16.3 0.0 0.0 9.6 39.3 10:51 ENE 02 4.2 11.1 14:00 -2.1 06:50 14.1 0.0 0.0 4.3 30.6 09:59 ENE 03 3.4 10.9 14:49 -4.3 06:54 14.9 0.0 0.0 2.0 25.6 14:12 NE 04 3.1 10.7 14:45 -3.0 05:43 15.2 0.0 0.0 3.3 23.3 15:19 N 05 3.6 11.7 16:01 -3.2 06:12 14.7 0.0 0.0 2.7 19.4 14:14 NNW 06 3.6 13.8 17:31 -6.3 06:51 14.7 0.0 0.0 3.5 23.3 21:44 SE 07 3.5 8.4 12:57 -1.0 02:00 14.8 0.0 0.0 5.9 40.4 13:15 E 08 5.9 11.4 13:43 0.6 05:35 12.4 0.0 0.0 5.3 40.4 14:00 ENE 09 4.4 9.3 16:39 -0.7 23:51 13.9 0.0 0.0 2.2 23.3 01:09 NE 10 5.2 12.6 15:32 -1.1 00:28 13.1 0.0 1.2 2.8 22.0 16:56 E 11 6.5 11.1 15:07 2.2 06:06 11.8 0.0 10.2 3.6 22.0 13:33 E 12 7.1 14.3 15:26 3.2 00:12 11.2 0.0 0.9 4.0 24.4 13:23 WNW 13 6.9 12.2 16:59 -0.5 05:18 11.4 0.0 3.0 8.7 46.5 22:25 ESE 14 10.9 14.4 15:05 7.6 08:01 7.4 0.0 33.3 17.1 64.8 15:42 SSE 15 10.6 16.1 14:11 8.2 06:20 7.7 0.0 11.4 13.1 50.0 19:28 SSE 16 10.3 14.9 16:53 4.5 23:11 8.0 0.0 0.6 10.6 49.1 01:35 S 17 9.7 13.5 14:50 4.9 00:00 8.6 0.0 19.2 15.5 58.7 15:48 SSE 18 7.9 11.6 11:44 5.0 23:31 10.4 0.0 10.8 11.1 54.1 01:19 SW 19 8.5 15.8 18:53 1.9 06:04 9.8 0.0 0.0 3.0 17.2 09:30 WNW 20 7.9 14.4 12:45 -0.2 06:19 10.4 0.0 0.0 6.8 34.3 14:09 SSE 21 8.9 13.5 16:11 5.2 06:45 9.4 0.0 4.5 6.6 31.7 00:12 S 22 9.6 15.1 13:54 5.0 06:48 8.7 0.0 0.9 8.1 43.0 16:09 SSW 23 12.6 18.6 18:39 8.0 00:08 5.7 0.0 0.0 5.4 27.0 07:22 SW 24 11.0 13.9 09:03 7.7 23:57 7.3 0.0 4.8 5.4 31.7 00:31 S 25 8.0 14.7 15:46 4.2 23:59 10.3 0.0 9.3 4.7 28.2 17:21 WNW 26 4.7 9.3 11:15 0.8 06:07 13.6 0.0 2.1 8.3 41.9 13:36 WNW 27 6.9 14.0 19:10 -0.1 05:40 11.4 0.0 0.0 5.1 25.6 12:00 WNW 28 8.3 12.6 12:23 4.3 23:30 10.0 0.0 0.0 7.8 39.3 16:22 W 29 7.5 12.6 14:02 3.4 02:55 10.8 0.0 0.9 7.5 34.3 13:11 WNW 30 7.9 16.5 14:37 0.2 06:22 10.4 0.0 0.0 2.4 15.9 20:45 W ---------------------------------------------------------------------------------- 7.0 18.6 23 -6.3 6 338.4 0.0 113.1 6.6 64.8 14 SSE Max >= 27.0 0 Max <= 0.0 0 Min <= 0.0 12 Min <= -18.0 0 Max Rain: 33.3 on day 14 Days of Rain: 15 (>= 0.2 mm) 10 (>= 2.0 mm) 1 (>= 20.0 mm) Heat Base: 18.3 Cool Base: 18.3 Method: Integration