NOAA-Style Climate Reports
Select a Year or Month report
2024: Jan Feb Mar Apr May Jun Jul Aug Sep Oct Nov Dec
2023: Jan Feb Mar Apr May Jun Jul Aug Sep Oct Nov Dec
2022: Jan Feb Mar Apr May Jun Jul Aug Sep Oct Nov Dec
2021: Jan Feb Mar Apr May Jun Jul Aug Sep Oct Nov Dec
2020: Jan Feb Mar Apr May Jun Jul Aug Sep Oct Nov Dec
2019: Jan Feb Mar Apr May Jun Jul Aug Sep Oct Nov Dec
2018: Jan Feb Mar Apr May Jun Jul Aug Sep Oct Nov Dec
2017: Jan Feb Mar Apr May Jun Jul Aug Sep Oct Nov Dec
2016: Jan Feb Mar Apr May Jun Jul Aug Sep Oct Nov Dec
2015: Jan Feb Mar Apr May Jun Jul Aug Sep Oct Nov Dec
2014: Jan Feb Mar Apr May Jun Jul Aug Sep Oct Nov Dec
2013: Jan Feb Mar Apr May Jun Jul Aug Sep Oct Nov Dec
2012: Jan Feb Mar Apr May Jun Jul Aug Sep Oct Nov Dec
2011: Jan Feb Mar Apr May Jun Jul Aug Sep Oct Nov Dec
2010: Jan Feb Mar Apr May Jun Jul Aug Sep Oct Nov Dec
2009: Jan Feb Mar Apr May Jun Jul Aug Sep Oct Nov Dec
2008: Jan Feb Mar Apr May Jun Jul Aug Sep Oct Nov Dec
2024: Jan Feb Mar Apr May Jun Jul Aug Sep Oct Nov Dec
2023: Jan Feb Mar Apr May Jun Jul Aug Sep Oct Nov Dec
2022: Jan Feb Mar Apr May Jun Jul Aug Sep Oct Nov Dec
2021: Jan Feb Mar Apr May Jun Jul Aug Sep Oct Nov Dec
2020: Jan Feb Mar Apr May Jun Jul Aug Sep Oct Nov Dec
2019: Jan Feb Mar Apr May Jun Jul Aug Sep Oct Nov Dec
2018: Jan Feb Mar Apr May Jun Jul Aug Sep Oct Nov Dec
2017: Jan Feb Mar Apr May Jun Jul Aug Sep Oct Nov Dec
2016: Jan Feb Mar Apr May Jun Jul Aug Sep Oct Nov Dec
2015: Jan Feb Mar Apr May Jun Jul Aug Sep Oct Nov Dec
2014: Jan Feb Mar Apr May Jun Jul Aug Sep Oct Nov Dec
2013: Jan Feb Mar Apr May Jun Jul Aug Sep Oct Nov Dec
2012: Jan Feb Mar Apr May Jun Jul Aug Sep Oct Nov Dec
2011: Jan Feb Mar Apr May Jun Jul Aug Sep Oct Nov Dec
2010: Jan Feb Mar Apr May Jun Jul Aug Sep Oct Nov Dec
2009: Jan Feb Mar Apr May Jun Jul Aug Sep Oct Nov Dec
2008: Jan Feb Mar Apr May Jun Jul Aug Sep Oct Nov Dec
Report for 2013 August
Monthly Climatological Summary for Aug 2013 Name: Garrymore Weather City: Geashill State: Offaly Elevation: 80 m Lat: N 53° 10' 05" Lon: W 007° 21' 37" Temperature (°C), Rain (mm), Wind Speed (km/h) Heat Cool Avg Mean Deg Deg Wind Dom Day Temp High Time Low Time Days Days Rain Speed High Time Dir ---------------------------------------------------------------------------------- 01 18.0 21.3 15:24 14.9 23:02 0.6 0.3 12.3 7.8 34.3 16:43 ESE 02 16.4 22.1 11:18 10.6 06:17 2.2 0.4 4.5 6.4 35.7 15:31 SE 03 15.1 20.2 13:12 10.6 05:46 3.3 0.1 4.8 4.7 30.6 13:45 SSE 04 16.8 24.4 15:45 10.0 03:41 3.1 1.6 6.6 2.7 15.9 06:57 SE 05 15.6 20.0 15:32 12.1 06:07 2.9 0.1 0.9 3.9 25.6 14:00 WNW 06 15.7 21.6 16:03 11.9 23:58 2.9 0.3 0.6 2.5 20.9 12:54 SE 07 17.7 26.0 11:17 10.3 01:35 2.7 2.0 0.0 0.4 9.8 17:49 NW 08 16.4 22.5 13:50 12.0 04:01 2.6 0.7 0.3 4.4 29.6 13:25 SE 09 15.2 19.4 14:25 12.8 06:15 3.1 0.0 0.0 3.1 22.0 12:13 WSW 10 16.1 22.4 16:27 9.7 06:12 2.9 0.7 0.0 2.8 23.3 13:26 SSE 11 14.6 19.4 13:58 10.9 06:25 3.7 0.0 0.0 3.8 28.2 16:01 SSW 12 13.9 19.3 19:07 10.1 02:09 4.4 0.0 0.0 3.5 23.3 13:50 W 13 15.6 20.6 18:46 12.2 06:24 3.0 0.3 0.0 2.5 19.4 03:10 SSW 14 18.3 24.1 15:52 13.6 01:55 1.6 1.6 0.0 3.1 17.2 10:00 SSE 15 17.3 22.5 09:20 14.1 23:56 1.3 0.3 0.0 4.1 27.0 15:52 SE 16 16.1 22.1 18:55 11.0 03:29 2.7 0.5 0.0 2.8 20.9 09:24 S 17 16.4 22.6 14:34 11.8 22:51 2.4 0.5 0.0 7.7 31.7 15:18 SSE 18 15.0 19.1 15:34 11.3 06:06 3.3 0.0 0.0 5.1 28.2 14:25 SSW 19 15.4 20.5 15:11 10.1 03:14 3.2 0.3 0.0 3.1 20.9 15:22 S 20 17.0 21.8 14:07 12.8 04:27 2.0 0.6 0.0 5.7 33.2 22:00 SE 21 17.5 22.1 16:11 14.4 23:53 1.3 0.5 0.0 5.8 25.6 00:24 S 22 17.1 24.4 19:07 12.6 05:11 2.3 1.1 0.0 2.7 19.4 22:50 SE 23 15.6 20.6 14:26 12.7 23:53 2.8 0.1 0.0 3.8 24.4 00:34 SE 24 13.9 20.8 14:21 8.1 03:38 4.5 0.1 0.3 2.0 17.2 16:37 SSE 25 15.1 19.1 14:57 12.2 07:45 3.3 0.0 0.0 3.1 17.2 10:05 WNW 26 14.6 19.4 14:01 9.7 03:40 3.7 0.0 0.0 1.2 12.2 09:56 WNW 27 16.4 21.0 15:22 13.6 21:45 2.3 0.5 0.0 2.6 20.9 16:17 WNW 28 15.3 22.3 17:28 7.1 14:04 3.6 0.5 0.0 1.2 28.2 13:58 SSW 29 17.3 22.1 15:33 14.5 01:00 1.6 0.6 0.0 3.2 28.2 10:07 S 30 15.7 20.8 15:04 8.1 23:58 3.0 0.4 0.0 4.5 33.2 11:30 S 31 12.8 18.7 16:59 7.4 01:42 5.5 0.0 0.0 3.1 27.0 13:20 WNW ---------------------------------------------------------------------------------- 15.9 26.0 7 7.1 28 87.8 14.1 30.3 3.7 35.7 2 S Max >= 27.0 0 Max <= 0.0 0 Min <= 0.0 0 Min <= -18.0 0 Max Rain: 12.3 on day 1 Days of Rain: 8 (>= 0.2 mm) 4 (>= 2.0 mm) 0 (>= 20.0 mm) Heat Base: 18.3 Cool Base: 18.3 Method: Integration