NOAA-Style Climate Reports
Select a Year or Month report
2024: Jan Feb Mar Apr May Jun Jul Aug Sep Oct Nov Dec
2023: Jan Feb Mar Apr May Jun Jul Aug Sep Oct Nov Dec
2022: Jan Feb Mar Apr May Jun Jul Aug Sep Oct Nov Dec
2021: Jan Feb Mar Apr May Jun Jul Aug Sep Oct Nov Dec
2020: Jan Feb Mar Apr May Jun Jul Aug Sep Oct Nov Dec
2019: Jan Feb Mar Apr May Jun Jul Aug Sep Oct Nov Dec
2018: Jan Feb Mar Apr May Jun Jul Aug Sep Oct Nov Dec
2017: Jan Feb Mar Apr May Jun Jul Aug Sep Oct Nov Dec
2016: Jan Feb Mar Apr May Jun Jul Aug Sep Oct Nov Dec
2015: Jan Feb Mar Apr May Jun Jul Aug Sep Oct Nov Dec
2014: Jan Feb Mar Apr May Jun Jul Aug Sep Oct Nov Dec
2013: Jan Feb Mar Apr May Jun Jul Aug Sep Oct Nov Dec
2012: Jan Feb Mar Apr May Jun Jul Aug Sep Oct Nov Dec
2011: Jan Feb Mar Apr May Jun Jul Aug Sep Oct Nov Dec
2010: Jan Feb Mar Apr May Jun Jul Aug Sep Oct Nov Dec
2009: Jan Feb Mar Apr May Jun Jul Aug Sep Oct Nov Dec
2008: Jan Feb Mar Apr May Jun Jul Aug Sep Oct Nov Dec
2024: Jan Feb Mar Apr May Jun Jul Aug Sep Oct Nov Dec
2023: Jan Feb Mar Apr May Jun Jul Aug Sep Oct Nov Dec
2022: Jan Feb Mar Apr May Jun Jul Aug Sep Oct Nov Dec
2021: Jan Feb Mar Apr May Jun Jul Aug Sep Oct Nov Dec
2020: Jan Feb Mar Apr May Jun Jul Aug Sep Oct Nov Dec
2019: Jan Feb Mar Apr May Jun Jul Aug Sep Oct Nov Dec
2018: Jan Feb Mar Apr May Jun Jul Aug Sep Oct Nov Dec
2017: Jan Feb Mar Apr May Jun Jul Aug Sep Oct Nov Dec
2016: Jan Feb Mar Apr May Jun Jul Aug Sep Oct Nov Dec
2015: Jan Feb Mar Apr May Jun Jul Aug Sep Oct Nov Dec
2014: Jan Feb Mar Apr May Jun Jul Aug Sep Oct Nov Dec
2013: Jan Feb Mar Apr May Jun Jul Aug Sep Oct Nov Dec
2012: Jan Feb Mar Apr May Jun Jul Aug Sep Oct Nov Dec
2011: Jan Feb Mar Apr May Jun Jul Aug Sep Oct Nov Dec
2010: Jan Feb Mar Apr May Jun Jul Aug Sep Oct Nov Dec
2009: Jan Feb Mar Apr May Jun Jul Aug Sep Oct Nov Dec
2008: Jan Feb Mar Apr May Jun Jul Aug Sep Oct Nov Dec
Report for 2014 December
Monthly Climatological Summary for Dec 2014 Name: Garrymore Weather City: Geashill State: Offaly Elevation: 80 m Lat: N 53° 10' 05" Lon: W 007° 21' 37" Temperature (°C), Rain (mm), Wind Speed (km/h) Heat Cool Avg Mean Deg Deg Wind Dom Day Temp High Time Low Time Days Days Rain Speed High Time Dir ---------------------------------------------------------------------------------- 01 6.3 9.0 12:49 3.5 23:59 12.0 0.0 4.2 4.1 35.7 16:08 WSW 02 1.5 5.9 14:04 -0.9 08:13 16.8 0.0 0.3 2.5 17.2 12:53 W 03 2.2 5.3 13:28 -1.9 23:57 16.1 0.0 0.0 0.4 9.3 04:44 WSW 04 -0.9 4.6 23:30 -4.5 07:57 19.2 0.0 0.6 0.5 30.6 23:42 WNW 05 2.6 6.2 13:11 0.0 06:16 15.7 0.0 0.3 4.2 27.0 00:05 W 06 6.1 9.8 22:38 1.2 00:00 12.2 0.0 0.3 4.9 29.6 22:33 S 07 4.6 10.0 00:28 1.5 23:12 13.7 0.0 2.4 6.0 33.2 05:55 SSW 08 2.5 5.5 13:51 0.5 22:14 15.8 0.0 0.3 4.0 23.3 11:23 SW 09 6.6 11.4 16:30 1.5 00:00 11.7 0.0 2.4 9.7 43.0 16:27 SSE 10 4.0 6.2 12:05 2.4 03:28 14.3 0.0 5.4 9.4 40.4 09:36 SSW 11 4.1 5.1 01:14 2.5 05:08 14.2 0.0 14.7 6.7 39.3 01:31 SSW 12 1.9 4.4 01:00 0.0 07:30 16.4 0.0 1.2 4.5 23.3 02:52 WSW 13 1.1 4.5 12:32 -3.7 08:08 17.2 0.0 0.3 4.0 24.4 23:18 SSE 14 6.0 9.3 13:39 4.0 00:00 12.3 0.0 0.6 6.6 30.6 08:14 S 15 4.1 8.3 14:21 -0.8 23:42 14.2 0.0 0.0 1.3 18.3 00:21 SSW 16 5.4 10.2 20:30 -1.0 00:16 12.9 0.0 10.8 4.9 39.3 20:28 SSE 17 10.5 11.2 13:23 10.0 04:46 7.8 0.0 2.1 6.4 31.7 00:35 SSW 18 12.91006.0 23:32 6.6 23:21 7.8 4.1 6.0 8.0 36.7 10:54 S 19 5.3 8.2 14:47 4.2 16:45 13.0 0.0 0.0 6.1 33.2 15:19 SSW 20 5.9 8.2 13:35 4.3 06:57 12.4 0.0 0.0 5.0 24.4 00:10 S 21 10.1 13.2 14:28 6.0 03:49 8.2 0.0 0.0 9.7 41.9 10:01 S 22 11.3 12.2 00:00 10.2 23:08 7.0 0.0 1.8 11.5 40.4 00:42 S 23 9.5 11.2 01:18 4.4 23:59 8.8 0.0 2.7 7.7 35.7 00:18 S 24 4.4 6.9 14:03 2.2 23:32 13.9 0.0 0.3 3.6 24.4 12:45 SSW 25 2.1 6.3 14:12 -1.1 23:16 16.2 0.0 0.0 0.9 14.8 12:00 SW 26 2.1 7.9 14:35 -0.8 00:00 16.2 0.0 15.0 5.5 30.6 18:31 NW 27 1.5 4.0 13:23 -1.4 23:45 16.8 0.0 0.3 5.0 27.0 14:41 W 28 -1.7 3.7 14:37 -5.6 23:57 20.0 0.0 0.3 0.9 11.1 03:43 W 29 -1.1 3.9 15:26 -5.8 00:10 19.4 0.0 0.0 3.5 25.6 14:11 SE 30 3.5 6.6 14:29 -0.8 05:05 14.8 0.0 0.3 7.5 34.3 18:36 SE 31 8.5 10.4 15:47 6.4 00:01 9.8 0.0 0.9 10.0 37.8 03:47 SE ---------------------------------------------------------------------------------- 4.61006.0 18 -5.8 29 426.8 4.1 73.5 5.3 43.0 9 S Max >= 27.0 1 Max <= 0.0 0 Min <= 0.0 14 Min <= -18.0 0 Max Rain: 15.0 on day 26 Days of Rain: 24 (>= 0.2 mm) 10 (>= 2.0 mm) 0 (>= 20.0 mm) Heat Base: 18.3 Cool Base: 18.3 Method: Integration