NOAA-Style Climate Reports
Select a Year or Month report
2024: Jan Feb Mar Apr May Jun Jul Aug Sep Oct Nov Dec
2023: Jan Feb Mar Apr May Jun Jul Aug Sep Oct Nov Dec
2022: Jan Feb Mar Apr May Jun Jul Aug Sep Oct Nov Dec
2021: Jan Feb Mar Apr May Jun Jul Aug Sep Oct Nov Dec
2020: Jan Feb Mar Apr May Jun Jul Aug Sep Oct Nov Dec
2019: Jan Feb Mar Apr May Jun Jul Aug Sep Oct Nov Dec
2018: Jan Feb Mar Apr May Jun Jul Aug Sep Oct Nov Dec
2017: Jan Feb Mar Apr May Jun Jul Aug Sep Oct Nov Dec
2016: Jan Feb Mar Apr May Jun Jul Aug Sep Oct Nov Dec
2015: Jan Feb Mar Apr May Jun Jul Aug Sep Oct Nov Dec
2014: Jan Feb Mar Apr May Jun Jul Aug Sep Oct Nov Dec
2013: Jan Feb Mar Apr May Jun Jul Aug Sep Oct Nov Dec
2012: Jan Feb Mar Apr May Jun Jul Aug Sep Oct Nov Dec
2011: Jan Feb Mar Apr May Jun Jul Aug Sep Oct Nov Dec
2010: Jan Feb Mar Apr May Jun Jul Aug Sep Oct Nov Dec
2009: Jan Feb Mar Apr May Jun Jul Aug Sep Oct Nov Dec
2008: Jan Feb Mar Apr May Jun Jul Aug Sep Oct Nov Dec
2024: Jan Feb Mar Apr May Jun Jul Aug Sep Oct Nov Dec
2023: Jan Feb Mar Apr May Jun Jul Aug Sep Oct Nov Dec
2022: Jan Feb Mar Apr May Jun Jul Aug Sep Oct Nov Dec
2021: Jan Feb Mar Apr May Jun Jul Aug Sep Oct Nov Dec
2020: Jan Feb Mar Apr May Jun Jul Aug Sep Oct Nov Dec
2019: Jan Feb Mar Apr May Jun Jul Aug Sep Oct Nov Dec
2018: Jan Feb Mar Apr May Jun Jul Aug Sep Oct Nov Dec
2017: Jan Feb Mar Apr May Jun Jul Aug Sep Oct Nov Dec
2016: Jan Feb Mar Apr May Jun Jul Aug Sep Oct Nov Dec
2015: Jan Feb Mar Apr May Jun Jul Aug Sep Oct Nov Dec
2014: Jan Feb Mar Apr May Jun Jul Aug Sep Oct Nov Dec
2013: Jan Feb Mar Apr May Jun Jul Aug Sep Oct Nov Dec
2012: Jan Feb Mar Apr May Jun Jul Aug Sep Oct Nov Dec
2011: Jan Feb Mar Apr May Jun Jul Aug Sep Oct Nov Dec
2010: Jan Feb Mar Apr May Jun Jul Aug Sep Oct Nov Dec
2009: Jan Feb Mar Apr May Jun Jul Aug Sep Oct Nov Dec
2008: Jan Feb Mar Apr May Jun Jul Aug Sep Oct Nov Dec
Report for 2019 March
Monthly Climatological Summary for Mar 2019 Name: Garrymore Weather City: Geashill State: Offaly Elevation: 80 m Lat: N 53° 10' 05" Lon: W 007° 21' 37" Temperature (°C), Rain (mm), Wind Speed (km/h) Heat Cool Avg Mean Deg Deg Wind Dom Day Temp High Time Low Time Days Days Rain Speed High Time Dir ---------------------------------------------------------------------------------- 01 8.1 11.1 12:11 3.9 05:48 10.2 0.0 6.3 7.8 38.5 11:26 S 02 6.9 10.4 13:43 4.1 06:12 11.4 0.0 36.9 14.8 57.6 14:07 SSW 03 2.7 6.0 00:27 -0.4 15:18 15.6 0.0 10.2 7.3 39.6 00:22 SSW 04 2.5 7.4 15:09 -0.7 01:33 15.8 0.0 5.1 8.0 37.0 21:33 SSW 05 5.8 9.7 11:58 1.8 02:29 12.5 0.0 12.9 6.4 39.6 11:08 S 06 6.1 8.9 02:32 3.6 10:35 12.2 0.0 3.6 0.0 9.8 10:16 SW 07 5.0 8.9 14:27 0.6 23:56 13.3 0.0 157.5 0.0 1.1 00:01 E 08 4.5 11.1 15:16 -0.8 02:15 13.8 0.0 8.7 0.0 31.3 10:04 S 09 6.0 8.9 11:57 2.6 23:53 12.3 0.0 123.9 0.0 1.1 01:14 E 10 2.2 9.0 15:55 0.0 23:16 16.1 0.0 106.5 0.0 33.5 15:54 S 11 4.9 8.9 23:14 -0.2 05:11 13.4 0.0 38.7 0.0 3.5 07:16 E 12 5.4 9.4 00:11 3.1 06:53 12.9 0.0 432.6 0.0 1.1 00:40 E 13 6.7 9.4 13:16 4.8 00:30 11.6 0.0 598.8 0.0 1.1 00:07 E 14 9.1 11.1 13:54 7.1 19:30 9.2 0.0 278.7 0.0 1.1 00:20 E 15 8.1 10.6 01:22 4.9 23:09 10.2 0.0 192.3 2.1 30.0 15:21 WSW 16 6.7 10.5 10:06 1.4 22:37 11.6 0.0 29.7 14.3 42.2 05:37 WSW 17 4.7 10.1 13:55 0.5 04:26 13.6 0.0 29.1 10.9 48.0 14:54 NW 18 7.0 9.9 13:28 4.5 00:00 11.3 0.0 2.1 7.4 26.3 11:13 WNW 19 9.1 15.1 15:16 5.3 03:21 9.2 0.0 0.3 7.4 28.9 16:10 SW 20 10.9 15.4 14:31 7.0 04:58 7.4 0.0 0.0 7.4 27.8 12:44 SSW 21 10.6 12.8 17:00 8.6 23:52 7.7 0.0 0.0 9.0 33.5 19:19 SSW 22 8.1 10.5 16:00 3.0 23:55 10.2 0.0 1.5 10.7 54.1 04:32 SSW 23 5.1 11.4 14:18 -0.7 07:02 13.2 0.0 0.0 1.7 13.3 13:31 NNW 24 5.7 10.6 13:33 -1.2 05:15 12.6 0.0 0.3 8.4 32.4 16:00 NW 25 7.8 11.5 15:12 4.1 06:33 10.5 0.0 0.0 4.8 20.6 03:52 NW 26 6.8 14.4 15:18 0.5 06:45 11.5 0.0 0.0 4.1 21.7 13:23 NW 27 6.5 15.7 16:32 -1.0 04:38 11.8 0.0 0.0 3.3 22.8 13:15 WNW 28 8.5 16.9 16:09 1.0 05:23 9.8 0.0 1.8 6.3 27.8 14:09 S 29 7.0 15.7 15:23 -0.6 03:55 11.3 0.0 0.0 3.8 18.0 11:41 S 30 7.6 12.0 11:24 3.4 06:55 10.7 0.0 0.0 5.6 26.3 16:32 NNE 31 5.3 11.4 15:09 -0.3 07:00 13.0 0.0 0.0 5.7 24.1 16:57 NE ---------------------------------------------------------------------------------- 6.5 16.9 28 -1.2 24 365.9 0.02077.5 5.1 57.6 2 SW Max >= 27.0 0 Max <= 0.0 0 Min <= 0.0 10 Min <= -18.0 0 Max Rain: 598.8 on day 13 Days of Rain: 22 (>= 0.2 mm) 18 (>= 2.0 mm) 11 (>= 20.0 mm) Heat Base: 18.3 Cool Base: 18.3 Method: Integration