NOAA-Style Climate Reports
Select a Year or Month report
2024: Jan Feb Mar Apr May Jun Jul Aug Sep Oct Nov Dec
2023: Jan Feb Mar Apr May Jun Jul Aug Sep Oct Nov Dec
2022: Jan Feb Mar Apr May Jun Jul Aug Sep Oct Nov Dec
2021: Jan Feb Mar Apr May Jun Jul Aug Sep Oct Nov Dec
2020: Jan Feb Mar Apr May Jun Jul Aug Sep Oct Nov Dec
2019: Jan Feb Mar Apr May Jun Jul Aug Sep Oct Nov Dec
2018: Jan Feb Mar Apr May Jun Jul Aug Sep Oct Nov Dec
2017: Jan Feb Mar Apr May Jun Jul Aug Sep Oct Nov Dec
2016: Jan Feb Mar Apr May Jun Jul Aug Sep Oct Nov Dec
2015: Jan Feb Mar Apr May Jun Jul Aug Sep Oct Nov Dec
2014: Jan Feb Mar Apr May Jun Jul Aug Sep Oct Nov Dec
2013: Jan Feb Mar Apr May Jun Jul Aug Sep Oct Nov Dec
2012: Jan Feb Mar Apr May Jun Jul Aug Sep Oct Nov Dec
2011: Jan Feb Mar Apr May Jun Jul Aug Sep Oct Nov Dec
2010: Jan Feb Mar Apr May Jun Jul Aug Sep Oct Nov Dec
2009: Jan Feb Mar Apr May Jun Jul Aug Sep Oct Nov Dec
2008: Jan Feb Mar Apr May Jun Jul Aug Sep Oct Nov Dec
2024: Jan Feb Mar Apr May Jun Jul Aug Sep Oct Nov Dec
2023: Jan Feb Mar Apr May Jun Jul Aug Sep Oct Nov Dec
2022: Jan Feb Mar Apr May Jun Jul Aug Sep Oct Nov Dec
2021: Jan Feb Mar Apr May Jun Jul Aug Sep Oct Nov Dec
2020: Jan Feb Mar Apr May Jun Jul Aug Sep Oct Nov Dec
2019: Jan Feb Mar Apr May Jun Jul Aug Sep Oct Nov Dec
2018: Jan Feb Mar Apr May Jun Jul Aug Sep Oct Nov Dec
2017: Jan Feb Mar Apr May Jun Jul Aug Sep Oct Nov Dec
2016: Jan Feb Mar Apr May Jun Jul Aug Sep Oct Nov Dec
2015: Jan Feb Mar Apr May Jun Jul Aug Sep Oct Nov Dec
2014: Jan Feb Mar Apr May Jun Jul Aug Sep Oct Nov Dec
2013: Jan Feb Mar Apr May Jun Jul Aug Sep Oct Nov Dec
2012: Jan Feb Mar Apr May Jun Jul Aug Sep Oct Nov Dec
2011: Jan Feb Mar Apr May Jun Jul Aug Sep Oct Nov Dec
2010: Jan Feb Mar Apr May Jun Jul Aug Sep Oct Nov Dec
2009: Jan Feb Mar Apr May Jun Jul Aug Sep Oct Nov Dec
2008: Jan Feb Mar Apr May Jun Jul Aug Sep Oct Nov Dec
Report for 2020 March
Monthly Climatological Summary for Mar 2020 Name: Garrymore Weather City: Geashill State: Offaly Elevation: 80 m Lat: N 53° 10' 05" Lon: W 007° 21' 37" Temperature (°C), Rain (mm), Wind Speed (km/h) Heat Cool Avg Mean Deg Deg Wind Dom Day Temp High Time Low Time Days Days Rain Speed High Time Dir ---------------------------------------------------------------------------------- 01 2.7 6.8 15:41 -0.1 23:10 15.6 0.0 21.6 12.5 91.9 07:05 SW 02 2.5 6.9 12:42 -1.6 04:55 15.8 0.0 2.4 9.4 34.3 09:33 WSW 03 4.5 10.0 16:03 1.4 22:54 13.8 0.0 0.9 11.9 91.9 17:36 NW 04 3.6 11.7 12:26 -1.9 23:34 14.7 0.0 0.0 9.7 91.9 19:37 NNW 05 2.2 9.6 13:48 -3.4 03:58 16.1 0.0 0.0 4.4 91.9 00:00 SSW 06 4.6 9.6 14:55 0.6 04:03 13.7 0.0 3.6 10.0 45.4 14:23 W 07 9.0 11.5 12:56 5.1 00:00 9.3 0.0 6.9 17.5 49.1 21:12 S 08 6.2 9.7 11:56 4.1 22:50 12.1 0.0 9.9 12.3 48.0 16:58 SW 09 7.3 11.3 17:50 4.4 08:44 11.0 0.0 6.9 13.9 45.4 13:35 SSW 10 8.9 11.9 14:36 3.9 23:56 9.4 0.0 32.7 12.8 50.0 04:20 WSW 11 5.6 11.4 13:20 0.6 22:18 12.7 0.0 31.2 14.2 56.3 16:13 SSW 12 4.0 7.7 12:37 -0.2 01:24 14.3 0.0 81.9 15.1 91.9 02:51 WSW 13 6.5 11.3 13:35 4.2 00:00 11.8 0.0 0.6 9.5 36.7 14:46 S 14 7.1 10.7 15:02 4.4 07:30 11.2 0.0 3.9 11.8 43.9 15:34 S 15 5.0 9.1 14:51 -0.5 23:58 13.3 0.0 1.5 10.4 41.9 13:08 WNW 16 4.5 10.0 14:31 -2.6 05:11 13.8 0.0 4.2 13.2 54.1 14:31 S 17 8.9 13.9 14:54 4.8 23:51 9.4 0.0 4.2 12.7 50.0 15:11 SSW 18 5.1 7.4 14:01 0.5 23:57 13.2 0.0 0.3 3.8 23.3 12:01 WNW 19 3.6 9.9 16:36 -1.0 05:25 14.7 0.0 0.0 7.1 28.2 14:49 N 20 3.6 11.3 13:18 -2.8 06:37 14.7 0.0 0.0 6.6 35.7 14:50 ENE 21 4.7 7.3 14:10 1.4 03:18 13.6 0.0 0.0 5.8 31.7 11:36 ESE 22 5.1 12.5 16:20 -0.7 06:42 13.2 0.0 3.0 4.7 33.2 11:51 SSE 23 5.8 11.7 14:58 -0.5 06:02 12.5 0.0 0.0 9.5 39.3 15:58 S 24 9.1 13.4 13:39 6.3 00:00 9.2 0.0 68.1 20.0 55.2 02:28 S 25 9.5 15.0 16:28 4.6 23:22 8.8 0.0 0.0 22.7 91.9 02:56 SSE 26 8.5 15.6 15:34 3.2 01:10 9.8 0.0 0.0 5.0 25.6 15:58 NE 27 6.9 12.2 16:09 1.9 03:09 11.4 0.0 0.0 5.3 22.0 12:18 NE 28 7.2 11.4 13:41 3.6 23:58 11.1 0.0 0.0 12.0 43.0 12:20 NE 29 3.6 8.8 16:34 -1.2 23:58 14.7 0.0 0.0 10.1 36.7 13:58 NE 30 4.2 9.3 16:49 -2.7 03:55 14.1 0.0 0.0 10.1 34.3 11:17 N 31 5.2 10.7 13:30 -0.1 03:11 13.1 0.0 0.0 6.0 28.2 16:14 N ---------------------------------------------------------------------------------- 5.7 15.6 26 -3.4 5 392.1 0.0 283.8 10.7 91.9 1 SSW Max >= 27.0 0 Max <= 0.0 0 Min <= 0.0 14 Min <= -18.0 0 Max Rain: 81.9 on day 12 Days of Rain: 18 (>= 0.2 mm) 14 (>= 2.0 mm) 5 (>= 20.0 mm) Heat Base: 18.3 Cool Base: 18.3 Method: Integration