NOAA-Style Climate Reports
Select a Year or Month report
2024: Jan Feb Mar Apr May Jun Jul Aug Sep Oct Nov Dec
2023: Jan Feb Mar Apr May Jun Jul Aug Sep Oct Nov Dec
2022: Jan Feb Mar Apr May Jun Jul Aug Sep Oct Nov Dec
2021: Jan Feb Mar Apr May Jun Jul Aug Sep Oct Nov Dec
2020: Jan Feb Mar Apr May Jun Jul Aug Sep Oct Nov Dec
2019: Jan Feb Mar Apr May Jun Jul Aug Sep Oct Nov Dec
2018: Jan Feb Mar Apr May Jun Jul Aug Sep Oct Nov Dec
2017: Jan Feb Mar Apr May Jun Jul Aug Sep Oct Nov Dec
2016: Jan Feb Mar Apr May Jun Jul Aug Sep Oct Nov Dec
2015: Jan Feb Mar Apr May Jun Jul Aug Sep Oct Nov Dec
2014: Jan Feb Mar Apr May Jun Jul Aug Sep Oct Nov Dec
2013: Jan Feb Mar Apr May Jun Jul Aug Sep Oct Nov Dec
2012: Jan Feb Mar Apr May Jun Jul Aug Sep Oct Nov Dec
2011: Jan Feb Mar Apr May Jun Jul Aug Sep Oct Nov Dec
2010: Jan Feb Mar Apr May Jun Jul Aug Sep Oct Nov Dec
2009: Jan Feb Mar Apr May Jun Jul Aug Sep Oct Nov Dec
2008: Jan Feb Mar Apr May Jun Jul Aug Sep Oct Nov Dec
2024: Jan Feb Mar Apr May Jun Jul Aug Sep Oct Nov Dec
2023: Jan Feb Mar Apr May Jun Jul Aug Sep Oct Nov Dec
2022: Jan Feb Mar Apr May Jun Jul Aug Sep Oct Nov Dec
2021: Jan Feb Mar Apr May Jun Jul Aug Sep Oct Nov Dec
2020: Jan Feb Mar Apr May Jun Jul Aug Sep Oct Nov Dec
2019: Jan Feb Mar Apr May Jun Jul Aug Sep Oct Nov Dec
2018: Jan Feb Mar Apr May Jun Jul Aug Sep Oct Nov Dec
2017: Jan Feb Mar Apr May Jun Jul Aug Sep Oct Nov Dec
2016: Jan Feb Mar Apr May Jun Jul Aug Sep Oct Nov Dec
2015: Jan Feb Mar Apr May Jun Jul Aug Sep Oct Nov Dec
2014: Jan Feb Mar Apr May Jun Jul Aug Sep Oct Nov Dec
2013: Jan Feb Mar Apr May Jun Jul Aug Sep Oct Nov Dec
2012: Jan Feb Mar Apr May Jun Jul Aug Sep Oct Nov Dec
2011: Jan Feb Mar Apr May Jun Jul Aug Sep Oct Nov Dec
2010: Jan Feb Mar Apr May Jun Jul Aug Sep Oct Nov Dec
2009: Jan Feb Mar Apr May Jun Jul Aug Sep Oct Nov Dec
2008: Jan Feb Mar Apr May Jun Jul Aug Sep Oct Nov Dec
Report for 2022 July
Monthly Climatological Summary for Jul 2022 Name: Garrymore Weather City: Geashill State: Offaly Elevation: 80 m Lat: N 53° 10' 02" Lon: W 007° 21' 35" Temperature (°C), Rain (mm), Wind Speed (km/h) Heat Cool Avg Mean Deg Deg Wind Dom Day Temp High Time Low Time Days Days Rain Speed High Time Dir ---------------------------------------------------------------------------------- 01 13.2 16.9 17:16 10.7 23:57 5.1 0.0 4.3 5.7 29.5 13:53 SSW 02 14.3 19.7 17:37 10.2 01:53 4.1 0.1 0.0 5.7 27.7 22:38 WSW 03 13.4 16.8 15:50 10.6 05:54 4.9 0.0 0.0 7.1 25.6 12:48 W 04 13.5 17.2 15:21 10.7 03:34 4.8 0.0 0.0 6.9 29.5 17:14 W 05 15.6 18.7 18:30 12.2 00:00 2.8 0.0 0.5 7.2 27.7 09:02 WNW 06 15.8 19.5 13:20 13.5 05:17 2.4 0.0 0.3 8.8 38.5 13:57 W 07 17.5 23.6 17:37 13.7 05:56 2.0 1.2 0.2 7.8 23.8 09:52 WNW 08 16.3 21.8 15:15 12.4 05:51 2.6 0.6 0.3 5.0 23.8 15:23 WNW 09 16.8 21.7 15:58 12.6 05:11 2.2 0.7 0.0 4.7 14.8 02:29 NW 10 19.8 25.5 16:18 13.2 05:31 0.9 2.4 0.0 3.4 20.2 23:57 S 11 18.5 25.0 14:51 10.3 05:55 1.7 1.9 0.0 7.1 34.9 14:31 S 12 17.7 21.7 11:58 12.9 23:50 1.2 0.6 1.0 6.1 23.8 06:35 SW 13 15.3 20.9 17:11 10.1 05:24 3.3 0.3 0.0 5.4 27.7 18:08 WNW 14 15.1 20.3 15:44 10.6 04:02 3.3 0.1 0.0 4.8 22.0 10:38 WNW 15 16.9 22.5 17:17 13.2 23:58 2.1 0.7 0.0 4.3 22.0 09:52 W 16 17.9 25.2 15:29 9.9 05:11 2.4 2.0 0.0 4.6 25.6 15:13 S 17 20.1 26.6 16:53 13.6 06:01 1.2 3.1 0.0 5.6 29.5 14:44 S 18 22.2 31.0 16:28 13.7 05:50 0.9 4.8 0.0 4.7 29.5 11:57 S 19 17.8 22.5 15:57 14.3 04:56 1.2 0.7 0.0 6.5 29.5 17:29 WNW 20 14.9 18.2 19:22 12.0 01:51 3.4 0.0 0.0 6.9 27.7 10:06 NW 21 15.1 18.4 16:31 12.4 04:58 3.2 0.0 0.0 2.4 14.8 10:45 NNW 22 17.0 22.9 16:04 12.1 05:20 2.2 0.9 0.0 2.4 20.2 21:45 SSW 23 17.7 21.3 14:53 15.1 01:19 1.2 0.6 6.6 9.7 40.3 15:57 S 24 17.4 21.8 13:43 14.8 22:31 1.3 0.4 5.3 9.0 42.1 09:27 S 25 14.9 17.6 15:45 12.6 23:54 3.4 0.0 0.5 10.6 38.5 09:03 NW 26 13.8 17.2 15:37 10.6 05:23 4.5 0.0 0.0 3.5 18.4 11:16 NW 27 14.3 17.6 17:44 11.7 05:52 4.0 0.0 0.0 1.1 11.2 11:36 SSW 28 15.4 20.9 13:55 9.3 06:31 3.2 0.4 0.0 2.2 20.2 19:35 S 29 17.1 21.3 14:03 13.3 00:00 1.7 0.5 0.0 5.9 25.6 16:05 S 30 17.5 19.8 14:50 16.2 03:52 0.9 0.1 12.5 2.9 16.6 09:50 SSW 31 16.3 20.5 15:19 10.9 23:35 2.2 0.2 1.2 3.6 22.0 13:04 NW ---------------------------------------------------------------------------------- 16.4 31.0 18 9.3 28 80.3 22.3 32.7 5.5 42.1 24 WSW Max >= 27.0 1 Max <= 0.0 0 Min <= 0.0 0 Min <= -18.0 0 Max Rain: 12.5 on day 30 Days of Rain: 11 (>= 0.2 mm) 4 (>= 2.0 mm) 0 (>= 20.0 mm) Heat Base: 18.3 Cool Base: 18.3 Method: Integration