NOAA-Style Climate Reports
Select a Year or Month report
2024: Jan Feb Mar Apr May Jun Jul Aug Sep Oct Nov Dec
2023: Jan Feb Mar Apr May Jun Jul Aug Sep Oct Nov Dec
2022: Jan Feb Mar Apr May Jun Jul Aug Sep Oct Nov Dec
2021: Jan Feb Mar Apr May Jun Jul Aug Sep Oct Nov Dec
2020: Jan Feb Mar Apr May Jun Jul Aug Sep Oct Nov Dec
2019: Jan Feb Mar Apr May Jun Jul Aug Sep Oct Nov Dec
2018: Jan Feb Mar Apr May Jun Jul Aug Sep Oct Nov Dec
2017: Jan Feb Mar Apr May Jun Jul Aug Sep Oct Nov Dec
2016: Jan Feb Mar Apr May Jun Jul Aug Sep Oct Nov Dec
2015: Jan Feb Mar Apr May Jun Jul Aug Sep Oct Nov Dec
2014: Jan Feb Mar Apr May Jun Jul Aug Sep Oct Nov Dec
2013: Jan Feb Mar Apr May Jun Jul Aug Sep Oct Nov Dec
2012: Jan Feb Mar Apr May Jun Jul Aug Sep Oct Nov Dec
2011: Jan Feb Mar Apr May Jun Jul Aug Sep Oct Nov Dec
2010: Jan Feb Mar Apr May Jun Jul Aug Sep Oct Nov Dec
2009: Jan Feb Mar Apr May Jun Jul Aug Sep Oct Nov Dec
2008: Jan Feb Mar Apr May Jun Jul Aug Sep Oct Nov Dec
2024: Jan Feb Mar Apr May Jun Jul Aug Sep Oct Nov Dec
2023: Jan Feb Mar Apr May Jun Jul Aug Sep Oct Nov Dec
2022: Jan Feb Mar Apr May Jun Jul Aug Sep Oct Nov Dec
2021: Jan Feb Mar Apr May Jun Jul Aug Sep Oct Nov Dec
2020: Jan Feb Mar Apr May Jun Jul Aug Sep Oct Nov Dec
2019: Jan Feb Mar Apr May Jun Jul Aug Sep Oct Nov Dec
2018: Jan Feb Mar Apr May Jun Jul Aug Sep Oct Nov Dec
2017: Jan Feb Mar Apr May Jun Jul Aug Sep Oct Nov Dec
2016: Jan Feb Mar Apr May Jun Jul Aug Sep Oct Nov Dec
2015: Jan Feb Mar Apr May Jun Jul Aug Sep Oct Nov Dec
2014: Jan Feb Mar Apr May Jun Jul Aug Sep Oct Nov Dec
2013: Jan Feb Mar Apr May Jun Jul Aug Sep Oct Nov Dec
2012: Jan Feb Mar Apr May Jun Jul Aug Sep Oct Nov Dec
2011: Jan Feb Mar Apr May Jun Jul Aug Sep Oct Nov Dec
2010: Jan Feb Mar Apr May Jun Jul Aug Sep Oct Nov Dec
2009: Jan Feb Mar Apr May Jun Jul Aug Sep Oct Nov Dec
2008: Jan Feb Mar Apr May Jun Jul Aug Sep Oct Nov Dec
Report for 2023 March
Monthly Climatological Summary for Mar 2023 Name: Garrymore Weather City: Geashill State: Offaly Elevation: 80 m Lat: N 53° 10' 01" Lon: W 007° 21' 34" Temperature (°C), Rain (mm), Wind Speed (km/h) Heat Cool Avg Mean Deg Deg Wind Dom Day Temp High Time Low Time Days Days Rain Speed High Time Dir ---------------------------------------------------------------------------------- 01 5.4 8.1 14:20 3.9 00:00 12.9 0.0 0.0 7.4 27.7 13:13 NNE 02 5.2 7.4 15:16 3.3 07:20 13.1 0.0 0.2 5.2 18.4 00:16 NNE 03 5.0 7.3 12:21 3.5 05:15 13.3 0.0 0.0 2.9 18.4 11:50 NNE 04 3.8 5.1 13:15 2.4 22:09 14.5 0.0 0.0 2.5 13.0 07:33 NNW 05 4.8 8.4 15:05 2.2 00:41 13.5 0.0 0.0 6.6 23.8 13:30 WNW 06 4.9 8.5 14:17 0.8 23:59 13.4 0.0 3.9 7.0 25.6 20:28 NW 07 1.3 6.5 15:09 -1.5 07:39 17.0 0.0 0.0 3.6 23.8 11:15 N 08 1.9 5.4 12:40 -1.3 01:54 16.4 0.0 0.0 6.7 27.7 10:51 NE 09 1.1 2.1 00:00 0.1 22:13 17.2 0.0 16.2 10.8 46.1 17:56 NNE 10 1.6 6.5 16:19 -0.9 07:04 16.6 0.0 1.7 4.9 29.5 00:05 NNW 11 4.9 10.2 17:17 -0.4 00:00 13.1 0.0 9.2 6.0 31.3 09:06 S 12 9.7 12.0 14:13 7.0 06:57 8.6 0.0 3.0 9.6 40.3 23:32 SSW 13 8.6 13.7 13:05 3.0 23:18 9.6 0.0 4.3 10.7 47.9 04:19 WSW 14 2.9 7.3 14:48 -1.7 23:37 14.7 0.0 2.6 7.5 31.3 14:39 WNW 15 5.4 10.1 17:20 -2.1 00:19 12.8 0.0 11.1 7.8 36.7 16:05 SSE 16 11.1 14.4 12:20 8.0 21:47 7.2 0.0 4.4 11.1 34.9 15:46 S 17 10.4 13.5 15:13 8.2 23:08 7.9 0.0 4.0 7.4 31.3 11:55 SSE 18 7.6 10.2 09:24 2.7 23:49 10.7 0.0 0.8 9.2 40.3 10:04 NW 19 5.2 10.2 23:55 0.4 06:15 13.1 0.0 3.8 6.0 46.1 19:20 S 20 11.3 14.0 14:53 9.7 23:50 7.0 0.0 1.8 9.1 31.3 15:11 S 21 9.9 11.7 10:52 8.5 06:11 8.4 0.0 11.4 11.2 49.7 21:51 S 22 7.6 11.8 12:43 3.4 07:01 10.7 0.0 2.8 12.5 46.1 11:41 SSW 23 7.8 13.0 13:04 5.1 23:09 10.5 0.0 2.5 13.1 55.1 17:40 S 24 7.7 12.3 12:09 5.4 01:34 10.6 0.0 3.3 13.1 55.1 11:48 SSW 25 9.2 13.4 16:02 6.6 01:36 9.1 0.0 2.3 6.4 34.9 06:08 WSW 26 7.3 12.1 16:06 3.9 04:19 10.6 0.0 0.0 6.0 29.5 08:54 NNE 27 5.6 10.9 15:25 -0.5 06:56 12.7 0.0 0.3 6.3 33.1 15:40 SSE 28 10.5 16.0 15:42 6.9 02:37 7.8 0.0 3.3 12.3 46.1 05:32 S 29 12.2 16.8 14:40 10.0 23:55 6.1 0.0 2.0 12.2 42.1 13:58 S 30 10.7 15.6 15:03 6.5 04:57 7.6 0.0 1.0 9.0 38.5 15:22 S 31 9.5 10.8 16:12 8.6 03:52 8.8 0.0 8.9 8.0 31.3 16:04 NW ---------------------------------------------------------------------------------- 6.8 16.8 29 -2.1 15 355.5 0.0 104.8 8.2 55.1 23 SSW Max >= 27.0 0 Max <= 0.0 0 Min <= 0.0 7 Min <= -18.0 0 Max Rain: 16.2 on day 9 Days of Rain: 24 (>= 0.2 mm) 18 (>= 2.0 mm) 0 (>= 20.0 mm) Heat Base: 18.3 Cool Base: 18.3 Method: Integration