NOAA-Style Climate Reports
Select a Year or Month report
2024: Jan Feb Mar Apr May Jun Jul Aug Sep Oct Nov Dec
2023: Jan Feb Mar Apr May Jun Jul Aug Sep Oct Nov Dec
2022: Jan Feb Mar Apr May Jun Jul Aug Sep Oct Nov Dec
2021: Jan Feb Mar Apr May Jun Jul Aug Sep Oct Nov Dec
2020: Jan Feb Mar Apr May Jun Jul Aug Sep Oct Nov Dec
2019: Jan Feb Mar Apr May Jun Jul Aug Sep Oct Nov Dec
2018: Jan Feb Mar Apr May Jun Jul Aug Sep Oct Nov Dec
2017: Jan Feb Mar Apr May Jun Jul Aug Sep Oct Nov Dec
2016: Jan Feb Mar Apr May Jun Jul Aug Sep Oct Nov Dec
2015: Jan Feb Mar Apr May Jun Jul Aug Sep Oct Nov Dec
2014: Jan Feb Mar Apr May Jun Jul Aug Sep Oct Nov Dec
2013: Jan Feb Mar Apr May Jun Jul Aug Sep Oct Nov Dec
2012: Jan Feb Mar Apr May Jun Jul Aug Sep Oct Nov Dec
2011: Jan Feb Mar Apr May Jun Jul Aug Sep Oct Nov Dec
2010: Jan Feb Mar Apr May Jun Jul Aug Sep Oct Nov Dec
2009: Jan Feb Mar Apr May Jun Jul Aug Sep Oct Nov Dec
2008: Jan Feb Mar Apr May Jun Jul Aug Sep Oct Nov Dec
2024: Jan Feb Mar Apr May Jun Jul Aug Sep Oct Nov Dec
2023: Jan Feb Mar Apr May Jun Jul Aug Sep Oct Nov Dec
2022: Jan Feb Mar Apr May Jun Jul Aug Sep Oct Nov Dec
2021: Jan Feb Mar Apr May Jun Jul Aug Sep Oct Nov Dec
2020: Jan Feb Mar Apr May Jun Jul Aug Sep Oct Nov Dec
2019: Jan Feb Mar Apr May Jun Jul Aug Sep Oct Nov Dec
2018: Jan Feb Mar Apr May Jun Jul Aug Sep Oct Nov Dec
2017: Jan Feb Mar Apr May Jun Jul Aug Sep Oct Nov Dec
2016: Jan Feb Mar Apr May Jun Jul Aug Sep Oct Nov Dec
2015: Jan Feb Mar Apr May Jun Jul Aug Sep Oct Nov Dec
2014: Jan Feb Mar Apr May Jun Jul Aug Sep Oct Nov Dec
2013: Jan Feb Mar Apr May Jun Jul Aug Sep Oct Nov Dec
2012: Jan Feb Mar Apr May Jun Jul Aug Sep Oct Nov Dec
2011: Jan Feb Mar Apr May Jun Jul Aug Sep Oct Nov Dec
2010: Jan Feb Mar Apr May Jun Jul Aug Sep Oct Nov Dec
2009: Jan Feb Mar Apr May Jun Jul Aug Sep Oct Nov Dec
2008: Jan Feb Mar Apr May Jun Jul Aug Sep Oct Nov Dec
Report for 2023 April
Monthly Climatological Summary for Apr 2023 Name: Garrymore Weather City: Geashill State: Offaly Elevation: 80 m Lat: N 53° 10' 01" Lon: W 007° 21' 34" Temperature (°C), Rain (mm), Wind Speed (km/h) Heat Cool Avg Mean Deg Deg Wind Dom Day Temp High Time Low Time Days Days Rain Speed High Time Dir ---------------------------------------------------------------------------------- 01 8.9 12.1 15:24 6.0 23:58 9.4 0.0 0.8 13.3 46.1 12:32 NW 02 8.2 13.1 15:24 4.5 03:18 10.0 0.0 0.0 4.7 18.4 04:14 W 03 7.5 10.8 13:31 3.3 05:15 10.8 0.0 0.0 8.1 34.9 09:50 SSE 04 9.0 13.2 14:44 6.7 04:23 9.3 0.0 3.8 12.1 40.3 16:18 S 05 10.8 14.4 17:58 7.4 23:57 7.5 0.0 1.5 9.1 33.1 00:31 SSW 06 8.4 13.0 16:50 2.9 23:16 9.9 0.0 0.0 5.5 25.6 12:21 WNW 07 7.1 13.8 15:36 0.3 04:54 11.2 0.0 0.0 6.5 38.5 17:04 S 08 8.8 13.5 16:50 3.5 02:29 9.5 0.0 0.0 8.7 42.1 15:55 SSE 09 9.9 13.6 16:36 7.5 06:35 8.4 0.0 3.1 15.9 46.1 00:43 SSE 10 7.7 11.5 15:42 5.5 23:59 10.6 0.0 3.3 8.2 53.3 17:15 WSW 11 5.3 9.7 13:20 2.5 04:10 13.0 0.0 9.4 10.2 46.1 19:37 SSW 12 4.3 7.8 18:49 0.7 04:54 14.0 0.0 4.3 16.3 64.4 15:36 W 13 6.8 12.5 13:47 2.3 23:28 11.5 0.0 0.0 7.9 29.5 10:28 W 14 6.5 12.6 16:34 0.5 06:46 11.8 0.0 0.2 5.2 33.1 16:46 NW 15 7.3 11.9 12:27 1.3 07:31 11.0 0.0 0.5 7.7 40.3 20:58 S 16 13.1 19.8 15:37 8.6 02:07 5.3 0.1 7.9 9.3 25.6 00:09 S 17 11.9 15.0 12:20 8.2 23:49 6.4 0.0 0.0 9.3 29.5 07:27 S 18 10.7 17.0 12:35 6.1 04:08 7.6 0.0 0.0 3.7 29.5 15:20 ENE 19 9.3 13.9 16:10 4.2 06:05 9.0 0.0 0.0 5.3 27.7 17:19 NE 20 9.5 14.7 15:13 4.2 06:16 8.8 0.0 0.0 4.7 31.3 10:19 ENE 21 9.2 16.1 15:06 3.8 06:54 9.1 0.0 0.0 6.9 36.7 14:51 NE 22 7.6 8.8 16:33 5.9 23:58 10.7 0.0 11.7 2.5 14.8 02:44 NNE 23 7.3 13.4 16:08 3.1 03:01 11.0 0.0 4.3 4.1 27.7 17:02 NW 24 6.3 9.2 16:37 1.2 23:40 12.0 0.0 1.3 6.6 31.3 07:43 NNE 25 5.3 11.3 14:43 -1.5 06:12 12.9 0.0 0.0 3.6 27.7 15:46 SSE 26 8.6 12.5 11:58 4.5 05:57 9.6 0.0 0.0 4.5 27.7 11:47 SE 27 10.3 13.5 14:43 7.6 02:32 8.0 0.0 0.8 4.7 27.7 15:04 SSE 28 12.8 17.3 19:30 10.0 01:33 5.5 0.0 1.2 3.3 23.8 18:29 W 29 13.8 19.4 14:46 10.2 02:18 4.5 0.0 2.3 4.1 25.6 13:28 S 30 12.8 17.6 14:13 10.7 01:00 5.5 0.0 0.5 7.0 33.1 17:05 WSW ---------------------------------------------------------------------------------- 8.8 19.8 16 -1.5 25 283.8 0.1 56.9 7.3 64.4 12 SSW Max >= 27.0 0 Max <= 0.0 0 Min <= 0.0 1 Min <= -18.0 0 Max Rain: 11.7 on day 22 Days of Rain: 17 (>= 0.2 mm) 9 (>= 2.0 mm) 0 (>= 20.0 mm) Heat Base: 18.3 Cool Base: 18.3 Method: Integration