NOAA-Style Climate Reports
Select a Year or Month report
2024: Jan Feb Mar Apr May Jun Jul Aug Sep Oct Nov Dec
2023: Jan Feb Mar Apr May Jun Jul Aug Sep Oct Nov Dec
2022: Jan Feb Mar Apr May Jun Jul Aug Sep Oct Nov Dec
2021: Jan Feb Mar Apr May Jun Jul Aug Sep Oct Nov Dec
2020: Jan Feb Mar Apr May Jun Jul Aug Sep Oct Nov Dec
2019: Jan Feb Mar Apr May Jun Jul Aug Sep Oct Nov Dec
2018: Jan Feb Mar Apr May Jun Jul Aug Sep Oct Nov Dec
2017: Jan Feb Mar Apr May Jun Jul Aug Sep Oct Nov Dec
2016: Jan Feb Mar Apr May Jun Jul Aug Sep Oct Nov Dec
2015: Jan Feb Mar Apr May Jun Jul Aug Sep Oct Nov Dec
2014: Jan Feb Mar Apr May Jun Jul Aug Sep Oct Nov Dec
2013: Jan Feb Mar Apr May Jun Jul Aug Sep Oct Nov Dec
2012: Jan Feb Mar Apr May Jun Jul Aug Sep Oct Nov Dec
2011: Jan Feb Mar Apr May Jun Jul Aug Sep Oct Nov Dec
2010: Jan Feb Mar Apr May Jun Jul Aug Sep Oct Nov Dec
2009: Jan Feb Mar Apr May Jun Jul Aug Sep Oct Nov Dec
2008: Jan Feb Mar Apr May Jun Jul Aug Sep Oct Nov Dec
2024: Jan Feb Mar Apr May Jun Jul Aug Sep Oct Nov Dec
2023: Jan Feb Mar Apr May Jun Jul Aug Sep Oct Nov Dec
2022: Jan Feb Mar Apr May Jun Jul Aug Sep Oct Nov Dec
2021: Jan Feb Mar Apr May Jun Jul Aug Sep Oct Nov Dec
2020: Jan Feb Mar Apr May Jun Jul Aug Sep Oct Nov Dec
2019: Jan Feb Mar Apr May Jun Jul Aug Sep Oct Nov Dec
2018: Jan Feb Mar Apr May Jun Jul Aug Sep Oct Nov Dec
2017: Jan Feb Mar Apr May Jun Jul Aug Sep Oct Nov Dec
2016: Jan Feb Mar Apr May Jun Jul Aug Sep Oct Nov Dec
2015: Jan Feb Mar Apr May Jun Jul Aug Sep Oct Nov Dec
2014: Jan Feb Mar Apr May Jun Jul Aug Sep Oct Nov Dec
2013: Jan Feb Mar Apr May Jun Jul Aug Sep Oct Nov Dec
2012: Jan Feb Mar Apr May Jun Jul Aug Sep Oct Nov Dec
2011: Jan Feb Mar Apr May Jun Jul Aug Sep Oct Nov Dec
2010: Jan Feb Mar Apr May Jun Jul Aug Sep Oct Nov Dec
2009: Jan Feb Mar Apr May Jun Jul Aug Sep Oct Nov Dec
2008: Jan Feb Mar Apr May Jun Jul Aug Sep Oct Nov Dec
Report for 2023 June
Monthly Climatological Summary for Jun 2023 Name: Garrymore Weather City: Geashill State: Offaly Elevation: 80 m Lat: N 53° 10' 01" Lon: W 007° 21' 34" Temperature (°C), Rain (mm), Wind Speed (km/h) Heat Cool Avg Mean Deg Deg Wind Dom Day Temp High Time Low Time Days Days Rain Speed High Time Dir ---------------------------------------------------------------------------------- 01 14.1 21.3 14:25 6.9 05:49 4.6 0.4 0.0 3.1 27.7 11:58 NNE 02 13.7 20.1 16:31 6.5 05:39 4.7 0.2 0.0 2.2 23.8 15:30 NNE 03 14.4 23.3 15:38 4.5 05:47 5.2 1.3 0.0 1.2 16.6 12:29 NNE 04 15.2 23.2 14:06 4.7 05:23 4.5 1.4 0.0 1.3 20.2 12:45 SE 05 16.0 23.8 14:09 6.1 05:16 4.0 1.7 0.0 1.2 20.2 12:56 SSE 06 14.5 22.3 14:12 6.9 05:12 4.4 0.6 0.0 1.6 22.0 14:21 NE 07 11.8 18.2 15:03 4.6 04:37 6.5 0.0 0.0 1.7 25.6 14:41 E 08 13.0 17.9 13:41 6.4 04:43 5.3 0.0 0.0 2.3 27.7 12:05 NE 09 16.2 23.5 16:40 8.8 04:23 3.2 1.0 0.0 1.7 22.0 11:20 E 10 17.0 22.2 15:19 13.0 05:12 2.0 0.7 1.0 2.4 23.8 15:24 SSE 11 19.0 23.3 14:16 15.1 04:41 1.0 1.7 0.2 4.8 22.0 11:00 S 12 16.4 18.8 18:50 14.2 05:58 1.9 0.0 10.2 3.6 16.6 04:11 WNW 13 19.8 28.5 14:38 14.8 23:58 0.9 2.3 7.6 1.9 31.3 15:29 NW 14 18.8 26.6 14:06 11.7 04:35 2.0 2.6 0.0 1.3 20.2 15:02 E 15 19.1 26.9 16:28 12.1 04:35 1.9 2.7 0.0 3.1 25.6 14:03 S 16 16.2 19.9 10:30 11.8 04:53 2.2 0.1 13.2 3.2 23.8 12:13 SSE 17 15.9 19.9 15:26 14.0 18:06 2.5 0.1 57.4 3.7 27.7 10:35 SSE 18 17.2 22.1 15:16 13.4 02:43 1.8 0.7 5.4 4.1 27.7 18:21 S 19 16.5 21.7 12:59 13.5 06:04 2.2 0.4 2.5 7.0 27.7 14:44 S 20 16.1 21.4 13:05 11.7 03:31 2.5 0.3 2.3 4.7 27.7 14:13 S 21 16.7 21.8 13:45 11.2 05:13 2.2 0.6 1.2 3.8 25.6 13:18 SW 22 17.1 24.1 16:10 9.0 04:56 2.8 1.6 0.0 4.4 22.0 22:42 S 23 18.0 20.8 17:45 15.2 04:02 1.0 0.7 2.8 9.5 33.1 17:17 S 24 19.1 23.3 14:01 16.5 23:23 0.3 1.1 0.0 11.3 43.9 18:19 S 25 16.5 21.7 13:49 12.2 23:44 1.9 0.1 7.4 7.1 38.5 02:05 SW 26 14.6 19.0 16:42 9.4 03:04 3.7 0.0 1.3 4.7 27.7 11:36 SW 27 17.2 21.5 14:42 13.9 04:59 1.6 0.6 1.0 6.7 25.6 05:51 SSW 28 15.5 19.2 16:46 10.6 23:59 2.9 0.0 6.6 6.0 31.3 08:41 WNW 29 14.0 18.9 17:21 7.3 05:09 4.3 0.0 0.0 4.3 22.0 15:02 WSW 30 14.7 17.3 13:20 12.5 03:15 3.6 0.0 4.1 7.3 34.9 16:41 WSW ---------------------------------------------------------------------------------- 16.1 28.5 13 4.5 3 87.6 22.9 124.2 4.0 43.9 24 SSW Max >= 27.0 1 Max <= 0.0 0 Min <= 0.0 0 Min <= -18.0 0 Max Rain: 57.4 on day 17 Days of Rain: 16 (>= 0.2 mm) 11 (>= 2.0 mm) 1 (>= 20.0 mm) Heat Base: 18.3 Cool Base: 18.3 Method: Integration