NOAA-Style Climate Reports
Select a Year or Month report
2024: Jan Feb Mar Apr May Jun Jul Aug Sep Oct Nov Dec
2023: Jan Feb Mar Apr May Jun Jul Aug Sep Oct Nov Dec
2022: Jan Feb Mar Apr May Jun Jul Aug Sep Oct Nov Dec
2021: Jan Feb Mar Apr May Jun Jul Aug Sep Oct Nov Dec
2020: Jan Feb Mar Apr May Jun Jul Aug Sep Oct Nov Dec
2019: Jan Feb Mar Apr May Jun Jul Aug Sep Oct Nov Dec
2018: Jan Feb Mar Apr May Jun Jul Aug Sep Oct Nov Dec
2017: Jan Feb Mar Apr May Jun Jul Aug Sep Oct Nov Dec
2016: Jan Feb Mar Apr May Jun Jul Aug Sep Oct Nov Dec
2015: Jan Feb Mar Apr May Jun Jul Aug Sep Oct Nov Dec
2014: Jan Feb Mar Apr May Jun Jul Aug Sep Oct Nov Dec
2013: Jan Feb Mar Apr May Jun Jul Aug Sep Oct Nov Dec
2012: Jan Feb Mar Apr May Jun Jul Aug Sep Oct Nov Dec
2011: Jan Feb Mar Apr May Jun Jul Aug Sep Oct Nov Dec
2010: Jan Feb Mar Apr May Jun Jul Aug Sep Oct Nov Dec
2009: Jan Feb Mar Apr May Jun Jul Aug Sep Oct Nov Dec
2008: Jan Feb Mar Apr May Jun Jul Aug Sep Oct Nov Dec
2024: Jan Feb Mar Apr May Jun Jul Aug Sep Oct Nov Dec
2023: Jan Feb Mar Apr May Jun Jul Aug Sep Oct Nov Dec
2022: Jan Feb Mar Apr May Jun Jul Aug Sep Oct Nov Dec
2021: Jan Feb Mar Apr May Jun Jul Aug Sep Oct Nov Dec
2020: Jan Feb Mar Apr May Jun Jul Aug Sep Oct Nov Dec
2019: Jan Feb Mar Apr May Jun Jul Aug Sep Oct Nov Dec
2018: Jan Feb Mar Apr May Jun Jul Aug Sep Oct Nov Dec
2017: Jan Feb Mar Apr May Jun Jul Aug Sep Oct Nov Dec
2016: Jan Feb Mar Apr May Jun Jul Aug Sep Oct Nov Dec
2015: Jan Feb Mar Apr May Jun Jul Aug Sep Oct Nov Dec
2014: Jan Feb Mar Apr May Jun Jul Aug Sep Oct Nov Dec
2013: Jan Feb Mar Apr May Jun Jul Aug Sep Oct Nov Dec
2012: Jan Feb Mar Apr May Jun Jul Aug Sep Oct Nov Dec
2011: Jan Feb Mar Apr May Jun Jul Aug Sep Oct Nov Dec
2010: Jan Feb Mar Apr May Jun Jul Aug Sep Oct Nov Dec
2009: Jan Feb Mar Apr May Jun Jul Aug Sep Oct Nov Dec
2008: Jan Feb Mar Apr May Jun Jul Aug Sep Oct Nov Dec
Report for 2023 August
Monthly Climatological Summary for Aug 2023 Name: Garrymore Weather City: Geashill State: Offaly Elevation: 80 m Lat: N 53° 10' 01" Lon: W 007° 21' 34" Temperature (°C), Rain (mm), Wind Speed (km/h) Heat Cool Avg Mean Deg Deg Wind Dom Day Temp High Time Low Time Days Days Rain Speed High Time Dir ---------------------------------------------------------------------------------- 01 15.1 19.1 13:00 12.3 00:47 3.3 0.0 7.1 5.9 27.7 20:18 SW 02 14.8 17.2 17:22 13.1 06:59 3.3 0.0 5.6 7.6 34.9 12:26 N 03 14.3 18.1 15:41 10.3 23:56 4.0 0.0 0.2 10.1 34.9 16:22 NW 04 12.8 16.8 16:20 9.3 01:20 5.5 0.0 3.3 5.1 22.0 09:46 W 05 13.4 17.9 15:12 10.6 23:54 4.9 0.0 27.2 9.4 51.5 07:46 N 06 14.3 19.1 13:26 9.7 01:19 4.0 0.0 0.0 6.1 31.3 14:30 WNW 07 13.8 17.8 15:05 8.4 02:23 4.5 0.0 0.0 2.6 16.6 18:25 SW 08 15.3 20.6 16:44 10.1 06:27 3.2 0.2 0.3 0.9 11.2 16:50 NNW 09 19.0 23.8 15:51 15.2 04:14 1.2 1.8 0.0 4.7 16.6 07:31 S 10 17.9 19.9 11:18 15.6 23:55 0.6 0.2 1.0 8.2 33.1 19:21 S 11 16.2 20.2 12:04 13.0 03:11 2.2 0.1 3.5 11.5 46.1 17:49 S 12 16.4 19.9 16:42 14.2 23:58 2.0 0.1 1.6 9.7 38.5 00:10 SSW 13 15.4 19.8 16:02 12.7 05:15 3.0 0.0 0.0 5.0 23.8 11:19 SSW 14 15.1 19.9 15:51 12.0 06:19 3.3 0.1 0.5 4.0 20.2 17:27 WNW 15 15.7 21.1 18:03 12.0 00:39 2.9 0.3 0.0 4.9 20.2 11:16 WNW 16 16.0 23.0 15:03 11.4 23:54 2.8 0.5 0.0 0.9 11.2 13:19 SW 17 16.0 22.5 13:02 8.5 04:30 3.2 0.9 0.0 3.6 33.1 14:15 SE 18 17.1 19.8 11:47 15.7 07:15 1.2 0.1 11.1 7.0 40.3 20:06 SE 19 17.1 20.7 15:37 15.1 23:28 1.5 0.3 8.4 9.7 40.3 05:58 S 20 17.0 21.6 14:47 12.8 06:24 2.0 0.7 0.0 10.5 36.7 10:44 S 21 15.9 16.2 04:28 15.1 02:43 2.2 0.0 1.3 12.1 42.1 12:03 S 22 13.8 20.0 16:03 12.2 06:31 4.6 0.1 0.0 4.7 29.5 13:02 SW 23 15.1 20.5 17:17 11.6 07:00 3.3 0.1 0.8 4.0 22.0 11:00 SSW 24 14.1 19.1 15:49 9.4 06:11 4.2 0.0 0.0 4.3 25.6 16:18 W 25 13.5 17.8 12:58 9.8 03:12 4.8 0.0 6.8 4.6 23.8 11:45 WNW 26 14.1 19.3 14:46 11.1 01:47 4.3 0.0 5.1 9.1 29.5 11:06 NW 27 13.9 18.9 15:08 11.5 07:24 4.4 0.0 3.6 7.8 36.7 15:38 WNW 28 14.3 17.7 15:01 11.7 04:47 4.0 0.0 0.7 4.8 22.0 14:29 WNW 29 13.8 17.3 15:48 11.3 23:59 4.5 0.0 0.0 6.1 29.5 12:11 WNW 30 13.4 16.7 17:23 10.9 06:52 4.9 0.0 0.8 3.9 18.4 23:32 W 31 14.3 20.8 17:37 10.8 00:36 4.2 0.2 12.7 3.7 22.0 00:44 SSW ---------------------------------------------------------------------------------- 15.1 23.8 9 8.4 7 104.0 5.7 101.6 6.2 51.5 5 WSW Max >= 27.0 0 Max <= 0.0 0 Min <= 0.0 0 Min <= -18.0 0 Max Rain: 27.2 on day 5 Days of Rain: 20 (>= 0.2 mm) 11 (>= 2.0 mm) 1 (>= 20.0 mm) Heat Base: 18.3 Cool Base: 18.3 Method: Integration