NOAA-Style Climate Reports
Select a Year or Month report
2024: Jan Feb Mar Apr May Jun Jul Aug Sep Oct Nov Dec
2023: Jan Feb Mar Apr May Jun Jul Aug Sep Oct Nov Dec
2022: Jan Feb Mar Apr May Jun Jul Aug Sep Oct Nov Dec
2021: Jan Feb Mar Apr May Jun Jul Aug Sep Oct Nov Dec
2020: Jan Feb Mar Apr May Jun Jul Aug Sep Oct Nov Dec
2019: Jan Feb Mar Apr May Jun Jul Aug Sep Oct Nov Dec
2018: Jan Feb Mar Apr May Jun Jul Aug Sep Oct Nov Dec
2017: Jan Feb Mar Apr May Jun Jul Aug Sep Oct Nov Dec
2016: Jan Feb Mar Apr May Jun Jul Aug Sep Oct Nov Dec
2015: Jan Feb Mar Apr May Jun Jul Aug Sep Oct Nov Dec
2014: Jan Feb Mar Apr May Jun Jul Aug Sep Oct Nov Dec
2013: Jan Feb Mar Apr May Jun Jul Aug Sep Oct Nov Dec
2012: Jan Feb Mar Apr May Jun Jul Aug Sep Oct Nov Dec
2011: Jan Feb Mar Apr May Jun Jul Aug Sep Oct Nov Dec
2010: Jan Feb Mar Apr May Jun Jul Aug Sep Oct Nov Dec
2009: Jan Feb Mar Apr May Jun Jul Aug Sep Oct Nov Dec
2008: Jan Feb Mar Apr May Jun Jul Aug Sep Oct Nov Dec
2024: Jan Feb Mar Apr May Jun Jul Aug Sep Oct Nov Dec
2023: Jan Feb Mar Apr May Jun Jul Aug Sep Oct Nov Dec
2022: Jan Feb Mar Apr May Jun Jul Aug Sep Oct Nov Dec
2021: Jan Feb Mar Apr May Jun Jul Aug Sep Oct Nov Dec
2020: Jan Feb Mar Apr May Jun Jul Aug Sep Oct Nov Dec
2019: Jan Feb Mar Apr May Jun Jul Aug Sep Oct Nov Dec
2018: Jan Feb Mar Apr May Jun Jul Aug Sep Oct Nov Dec
2017: Jan Feb Mar Apr May Jun Jul Aug Sep Oct Nov Dec
2016: Jan Feb Mar Apr May Jun Jul Aug Sep Oct Nov Dec
2015: Jan Feb Mar Apr May Jun Jul Aug Sep Oct Nov Dec
2014: Jan Feb Mar Apr May Jun Jul Aug Sep Oct Nov Dec
2013: Jan Feb Mar Apr May Jun Jul Aug Sep Oct Nov Dec
2012: Jan Feb Mar Apr May Jun Jul Aug Sep Oct Nov Dec
2011: Jan Feb Mar Apr May Jun Jul Aug Sep Oct Nov Dec
2010: Jan Feb Mar Apr May Jun Jul Aug Sep Oct Nov Dec
2009: Jan Feb Mar Apr May Jun Jul Aug Sep Oct Nov Dec
2008: Jan Feb Mar Apr May Jun Jul Aug Sep Oct Nov Dec
Report for 2023 September
Monthly Climatological Summary for Sep 2023 Name: Garrymore Weather City: Geashill State: Offaly Elevation: 80 m Lat: N 53° 10' 01" Lon: W 007° 21' 34" Temperature (°C), Rain (mm), Wind Speed (km/h) Heat Cool Avg Mean Deg Deg Wind Dom Day Temp High Time Low Time Days Days Rain Speed High Time Dir ---------------------------------------------------------------------------------- 01 15.4 21.2 16:16 11.7 03:33 3.1 0.2 12.2 0.4 14.8 18:09 N 02 14.8 21.6 16:47 10.0 06:16 4.0 0.6 0.2 1.5 18.4 16:32 S 03 14.9 22.3 15:56 9.7 06:49 4.1 0.6 0.3 1.1 13.0 15:19 SW 04 17.5 27.3 16:20 8.2 05:01 3.5 2.7 0.0 1.6 20.2 15:13 SSE 05 18.6 24.9 14:32 13.6 07:11 1.3 1.6 0.0 0.9 18.4 11:14 NE 06 18.9 24.7 16:28 13.5 06:06 1.3 2.0 0.0 4.5 29.5 13:15 S 07 20.5 27.9 15:24 14.6 03:08 1.0 3.2 0.0 1.4 20.2 14:27 SSE 08 20.6 27.7 16:09 14.2 06:27 1.0 3.3 0.0 3.1 20.2 16:35 S 09 19.6 27.0 15:27 14.5 05:12 1.0 2.3 0.2 0.7 16.6 16:51 WSW 10 17.8 23.5 12:42 13.8 06:10 1.4 0.9 6.9 1.7 23.8 18:22 SSW 11 15.5 17.1 00:00 11.8 23:49 2.8 0.0 5.6 3.9 29.5 21:39 NW 12 12.2 17.1 14:18 7.7 23:59 6.1 0.0 3.5 5.1 22.0 11:01 NNW 13 10.6 14.9 12:24 4.1 06:57 7.7 0.0 4.1 5.5 40.3 17:04 S 14 13.6 17.6 15:07 11.0 05:29 4.7 0.0 7.1 1.4 16.6 10:24 WSW 15 11.2 12.0 14:25 10.2 20:06 7.1 0.0 26.9 5.2 23.8 17:31 N 16 11.3 13.1 14:33 9.9 06:58 7.0 0.0 0.8 8.1 31.3 12:30 NNE 17 14.3 17.1 12:34 12.4 00:00 4.0 0.0 11.9 0.8 13.0 10:47 NNE 18 12.1 14.6 15:39 9.9 22:58 6.2 0.0 3.3 7.3 38.5 14:07 W 19 15.6 19.9 15:55 10.4 00:00 2.8 0.0 8.4 13.0 55.1 21:41 SSW 20 13.2 16.6 02:30 7.9 23:40 5.1 0.0 7.9 8.7 40.3 00:18 SSW 21 10.1 16.5 15:09 4.7 06:15 8.2 0.0 0.5 2.7 22.0 18:54 W 22 9.8 13.9 15:20 5.7 23:49 8.5 0.0 0.3 8.8 34.9 14:47 WNW 23 10.7 16.1 23:10 5.2 01:02 7.6 0.0 2.8 7.4 40.3 14:23 S 24 15.0 17.3 12:49 12.3 23:35 3.3 0.0 8.6 11.9 56.9 16:57 S 25 14.5 18.1 15:30 12.1 01:34 3.8 0.0 0.0 10.2 43.9 23:13 S 26 13.9 17.4 12:52 10.4 21:36 4.4 0.0 6.6 8.8 46.1 06:12 S 27 13.5 17.3 14:19 9.0 02:23 4.8 0.0 16.2 10.9 64.4 13:27 S 28 12.6 15.6 15:16 9.5 23:33 5.7 0.0 2.6 9.3 40.3 14:10 S 29 12.8 16.7 13:46 9.4 00:06 5.5 0.0 0.2 4.7 29.5 11:31 SW 30 12.1 16.9 18:15 7.6 02:45 6.2 0.0 12.7 3.2 31.3 13:36 SSE ---------------------------------------------------------------------------------- 14.4 27.9 7 4.1 13 133.2 17.4 149.8 5.1 64.4 27 SSW Max >= 27.0 4 Max <= 0.0 0 Min <= 0.0 0 Min <= -18.0 0 Max Rain: 26.9 on day 15 Days of Rain: 24 (>= 0.2 mm) 17 (>= 2.0 mm) 1 (>= 20.0 mm) Heat Base: 18.3 Cool Base: 18.3 Method: Integration