NOAA-Style Climate Reports
Select a Year or Month report
2024: Jan Feb Mar Apr May Jun Jul Aug Sep Oct Nov Dec
2023: Jan Feb Mar Apr May Jun Jul Aug Sep Oct Nov Dec
2022: Jan Feb Mar Apr May Jun Jul Aug Sep Oct Nov Dec
2021: Jan Feb Mar Apr May Jun Jul Aug Sep Oct Nov Dec
2020: Jan Feb Mar Apr May Jun Jul Aug Sep Oct Nov Dec
2019: Jan Feb Mar Apr May Jun Jul Aug Sep Oct Nov Dec
2018: Jan Feb Mar Apr May Jun Jul Aug Sep Oct Nov Dec
2017: Jan Feb Mar Apr May Jun Jul Aug Sep Oct Nov Dec
2016: Jan Feb Mar Apr May Jun Jul Aug Sep Oct Nov Dec
2015: Jan Feb Mar Apr May Jun Jul Aug Sep Oct Nov Dec
2014: Jan Feb Mar Apr May Jun Jul Aug Sep Oct Nov Dec
2013: Jan Feb Mar Apr May Jun Jul Aug Sep Oct Nov Dec
2012: Jan Feb Mar Apr May Jun Jul Aug Sep Oct Nov Dec
2011: Jan Feb Mar Apr May Jun Jul Aug Sep Oct Nov Dec
2010: Jan Feb Mar Apr May Jun Jul Aug Sep Oct Nov Dec
2009: Jan Feb Mar Apr May Jun Jul Aug Sep Oct Nov Dec
2008: Jan Feb Mar Apr May Jun Jul Aug Sep Oct Nov Dec
2024: Jan Feb Mar Apr May Jun Jul Aug Sep Oct Nov Dec
2023: Jan Feb Mar Apr May Jun Jul Aug Sep Oct Nov Dec
2022: Jan Feb Mar Apr May Jun Jul Aug Sep Oct Nov Dec
2021: Jan Feb Mar Apr May Jun Jul Aug Sep Oct Nov Dec
2020: Jan Feb Mar Apr May Jun Jul Aug Sep Oct Nov Dec
2019: Jan Feb Mar Apr May Jun Jul Aug Sep Oct Nov Dec
2018: Jan Feb Mar Apr May Jun Jul Aug Sep Oct Nov Dec
2017: Jan Feb Mar Apr May Jun Jul Aug Sep Oct Nov Dec
2016: Jan Feb Mar Apr May Jun Jul Aug Sep Oct Nov Dec
2015: Jan Feb Mar Apr May Jun Jul Aug Sep Oct Nov Dec
2014: Jan Feb Mar Apr May Jun Jul Aug Sep Oct Nov Dec
2013: Jan Feb Mar Apr May Jun Jul Aug Sep Oct Nov Dec
2012: Jan Feb Mar Apr May Jun Jul Aug Sep Oct Nov Dec
2011: Jan Feb Mar Apr May Jun Jul Aug Sep Oct Nov Dec
2010: Jan Feb Mar Apr May Jun Jul Aug Sep Oct Nov Dec
2009: Jan Feb Mar Apr May Jun Jul Aug Sep Oct Nov Dec
2008: Jan Feb Mar Apr May Jun Jul Aug Sep Oct Nov Dec
Report for 2023 November
Monthly Climatological Summary for Nov 2023 Name: Garrymore Weather City: Geashill State: Offaly Elevation: 80 m Lat: N 53° 10' 01" Lon: W 007° 21' 34" Temperature (°C), Rain (mm), Wind Speed (km/h) Heat Cool Avg Mean Deg Deg Wind Dom Day Temp High Time Low Time Days Days Rain Speed High Time Dir ---------------------------------------------------------------------------------- 01 8.3 12.1 01:05 2.6 22:10 10.0 0.0 5.3 5.3 40.3 12:32 SSW 02 6.6 10.5 15:00 3.0 04:29 11.7 0.0 1.0 4.0 29.5 14:36 WSW 03 7.9 11.9 14:58 5.0 06:07 10.4 0.0 2.1 6.5 29.5 12:32 WNW 04 6.9 9.3 14:04 4.7 22:26 11.4 0.0 3.0 6.3 33.1 14:23 N 05 8.1 11.8 12:54 5.6 01:35 10.2 0.0 0.8 5.6 20.2 05:54 W 06 8.5 11.6 14:26 7.1 00:00 9.8 0.0 0.0 6.4 29.5 12:36 WSW 07 8.3 11.4 14:31 6.2 20:40 10.0 0.0 0.5 6.7 31.3 23:33 WSW 08 7.5 10.5 12:43 3.4 19:42 10.8 0.0 7.6 9.3 43.9 01:36 SSW 09 5.9 8.4 14:43 3.2 07:15 12.4 0.0 1.8 9.2 34.9 13:30 SSW 10 7.0 10.8 14:32 3.9 23:35 11.3 0.0 1.5 9.4 36.7 14:23 WNW 11 3.9 6.8 14:08 0.4 08:34 14.4 0.0 0.2 1.1 18.4 00:50 WNW 12 9.0 12.9 14:32 4.1 00:00 9.3 0.0 7.7 5.0 25.6 07:10 S 13 10.5 12.9 04:29 8.4 22:01 7.8 0.0 13.9 11.8 64.4 05:17 SW 14 9.9 12.5 14:36 8.1 06:16 8.4 0.0 0.3 7.7 31.3 15:41 SW 15 7.7 10.7 13:52 4.2 23:37 10.6 0.0 0.0 4.9 23.8 01:59 W 16 5.4 9.2 13:26 3.2 07:43 11.7 0.0 1.1 3.5 25.6 15:08 S 17 6.6 11.1 23:57 2.8 08:24 11.6 0.0 8.8 6.2 38.5 21:08 SSE 18 12.1 13.6 14:19 10.1 23:57 6.2 0.0 1.3 10.6 40.3 16:47 S 19 10.2 12.1 13:44 8.1 22:26 8.1 0.0 1.3 9.9 34.9 05:50 SW 20 9.1 10.9 12:02 6.2 23:57 9.2 0.0 0.5 12.6 43.9 11:01 NW 21 6.2 9.0 13:51 3.7 04:57 12.0 0.0 0.0 4.5 18.4 10:32 WNW 22 10.5 11.6 14:55 7.9 00:00 7.8 0.0 0.0 8.1 31.3 21:59 W 23 10.8 12.2 13:40 8.8 23:57 7.5 0.0 0.2 9.8 40.3 19:27 W 24 7.0 9.0 00:17 5.0 23:39 11.3 0.0 0.0 5.0 23.8 00:28 NW 25 4.6 7.4 23:29 2.0 08:41 13.7 0.0 0.0 1.2 16.6 23:10 SSE 26 9.1 11.0 13:44 7.4 00:00 9.2 0.0 1.3 4.3 23.8 04:12 SSW 27 6.2 8.9 00:29 0.6 23:32 12.1 0.0 0.8 8.2 31.3 11:21 NW 28 2.7 6.1 13:46 -0.5 03:44 15.6 0.0 0.5 2.1 11.2 00:34 WNW 29 1.2 3.0 14:05 -0.4 10:06 17.1 0.0 0.2 2.5 16.6 18:56 NNE 30 0.9 3.9 14:49 -2.4 23:24 17.4 0.0 0.0 8.4 33.1 06:55 NNE ---------------------------------------------------------------------------------- 7.3 13.6 18 -2.4 30 329.0 0.0 61.7 6.6 64.4 13 WSW Max >= 27.0 0 Max <= 0.0 0 Min <= 0.0 3 Min <= -18.0 0 Max Rain: 13.9 on day 13 Days of Rain: 23 (>= 0.2 mm) 7 (>= 2.0 mm) 0 (>= 20.0 mm) Heat Base: 18.3 Cool Base: 18.3 Method: Integration